CRAN Package Check Results for Package paleobioDB

Last updated on 2023-03-23 06:52:29 CET.

Flavor Version Tinstall Tcheck Ttotal Status Flags
r-devel-linux-x86_64-debian-clang 0.7.0 34.12 282.82 316.94 NOTE
r-devel-linux-x86_64-debian-gcc 0.7.0 27.33 212.93 240.26 NOTE
r-devel-linux-x86_64-fedora-clang 0.7.0 396.25 NOTE
r-devel-linux-x86_64-fedora-gcc 0.7.0 370.30 NOTE
r-patched-linux-x86_64 0.7.0 29.99 275.09 305.08 NOTE
r-release-linux-x86_64 0.7.0 30.83 263.80 294.63 NOTE
r-release-macos-arm64 0.7.0 71.00 NOTE
r-release-macos-x86_64 0.7.0 106.00 NOTE
r-release-windows-x86_64 0.7.0 70.00 260.00 330.00 NOTE
r-oldrel-macos-arm64 0.7.0 45.00 NOTE
r-oldrel-macos-x86_64 0.7.0 72.00 NOTE
r-oldrel-windows-ix86+x86_64 0.7.0 66.00 271.00 337.00 NOTE

Check Details

Version: 0.7.0
Check: LazyData
Result: NOTE
     'LazyData' is specified without a 'data' directory
Flavors: r-devel-linux-x86_64-debian-clang, r-devel-linux-x86_64-debian-gcc, r-devel-linux-x86_64-fedora-clang, r-devel-linux-x86_64-fedora-gcc, r-patched-linux-x86_64, r-release-linux-x86_64, r-release-macos-arm64, r-release-macos-x86_64, r-release-windows-x86_64, r-oldrel-macos-arm64, r-oldrel-macos-x86_64, r-oldrel-windows-ix86+x86_64