CRAN Package Check Results for Package pAnalysis

Last updated on 2021-09-20 01:48:56 CEST.

Flavor Version Tinstall Tcheck Ttotal Status Flags
r-devel-linux-x86_64-debian-clang 2.0 9.50 112.54 122.04 OK
r-devel-linux-x86_64-debian-gcc 2.0 8.27 86.14 94.41 OK
r-devel-linux-x86_64-fedora-clang 2.0 157.14 OK
r-devel-linux-x86_64-fedora-gcc 2.0 143.84 OK
r-devel-windows-x86_64 2.0 10.00 109.00 119.00 OK
r-devel-windows-x86_64-gcc10-UCRT 2.0 ERROR
r-patched-linux-x86_64 2.0 8.32 108.60 116.92 OK
r-patched-solaris-x86 2.0 233.60 OK
r-release-linux-x86_64 2.0 8.91 107.26 116.17 OK
r-release-macos-arm64 2.0 OK
r-release-macos-x86_64 2.0 OK
r-release-windows-ix86+x86_64 2.0 24.00 106.00 130.00 OK
r-oldrel-macos-x86_64 2.0 OK
r-oldrel-windows-ix86+x86_64 2.0 24.00 107.00 131.00 OK

Check Details

Version: 2.0
Check: whether package can be installed
Result: WARN
    Found the following significant warnings:
     WARNING: installation-time patches will not be applied, could not get the patches index
Flavor: r-devel-windows-x86_64-gcc10-UCRT

Version: 2.0
Check: PDF version of manual
Result: WARN
    LaTeX errors when creating PDF version.
    This typically indicates Rd problems.
Flavor: r-devel-windows-x86_64-gcc10-UCRT

Version: 2.0
Check: PDF version of manual without hyperrefs or index
Result: ERROR
    Re-running with no redirection of stdout/stderr.
Flavor: r-devel-windows-x86_64-gcc10-UCRT