CRAN Package Check Results for Package oxcAAR

Last updated on 2021-07-31 19:51:37 CEST.

Flavor Version Tinstall Tcheck Ttotal Status Flags
r-devel-linux-x86_64-debian-clang 1.1.1 3.85 70.09 73.94 OK
r-devel-linux-x86_64-debian-gcc 1.1.1 3.20 53.50 56.70 OK
r-devel-linux-x86_64-fedora-clang 1.1.1 83.44 OK
r-devel-linux-x86_64-fedora-gcc 1.1.1 97.94 OK
r-devel-windows-x86_64 1.1.1 5.00 97.00 102.00 OK
r-devel-windows-x86_64-gcc10-UCRT 1.1.1 OK
r-patched-linux-x86_64 1.1.1 OK
r-patched-solaris-x86 1.1.1 79.50 WARN
r-release-linux-x86_64 1.1.1 3.22 71.95 75.17 OK
r-release-macos-arm64 1.1.1 WARN
r-release-macos-x86_64 1.1.1 OK
r-release-windows-ix86+x86_64 1.1.1 8.00 100.00 108.00 OK
r-oldrel-macos-x86_64 1.1.1 OK
r-oldrel-windows-ix86+x86_64 1.1.1 7.00 97.00 104.00 OK

Check Details

Version: 1.1.1
Check: re-building of vignette outputs
Result: WARN
    Error(s) in re-building vignettes:
     ...
    --- re-building ‘basic-usage.Rmd’ using rmarkdown
    Warning in engine$weave(file, quiet = quiet, encoding = enc) :
     Pandoc (>= 1.12.3) not available. Falling back to R Markdown v1.
    Quitting from lines 24-31 (basic-usage.Rmd)
    Error: processing vignette 'basic-usage.Rmd' failed with diagnostics:
    argument is of length zero
    --- failed re-building ‘basic-usage.Rmd’
    
    SUMMARY: processing the following file failed:
     ‘basic-usage.Rmd’
    
    Error: Vignette re-building failed.
    Execution halted
Flavor: r-patched-solaris-x86

Version: 1.1.1
Check: re-building of vignette outputs
Result: WARN
    Error(s) in re-building vignettes:
     ...
    --- re-building ‘basic-usage.Rmd’ using rmarkdown
    Warning in engine$weave(file, quiet = quiet, encoding = enc) :
     Pandoc (>= 1.12.3) not available. Falling back to R Markdown v1.
    trying URL 'https://c14.arch.ox.ac.uk/OxCalDistribution.zip'
    Content type 'application/zip' length 4135026 bytes (3.9 MB)
    ==================================================
    downloaded 3.9 MB
    
    OxCal v4.4.4 (c) Bronk Ramsey (2021)
    Quitting from lines 24-31 (basic-usage.Rmd)
    Error: processing vignette 'basic-usage.Rmd' failed with diagnostics:
    polygon edge not found
    --- failed re-building ‘basic-usage.Rmd’
    
    SUMMARY: processing the following file failed:
     ‘basic-usage.Rmd’
    
    Error: Vignette re-building failed.
    Execution halted
Flavor: r-release-macos-arm64