CRAN Package Check Results for Package ows4R

Last updated on 2021-06-19 01:50:28 CEST.

Flavor Version Tinstall Tcheck Ttotal Status Flags
r-devel-linux-x86_64-debian-clang 0.1-5 40.23 155.93 196.16 OK
r-devel-linux-x86_64-debian-gcc 0.1-5 35.14 117.88 153.02 OK
r-devel-linux-x86_64-fedora-clang 0.1-5 252.90 OK
r-devel-linux-x86_64-fedora-gcc 0.1-5 242.41 OK
r-devel-windows-x86_64 0.1-5 122.00 472.00 594.00 OK
r-devel-windows-x86_64-gcc10-UCRT 0.1-5 ERROR
r-patched-linux-x86_64 0.1-5 41.37 148.97 190.34 OK
r-patched-solaris-x86 0.1-5 323.20 OK
r-release-linux-x86_64 0.1-5 39.09 149.47 188.56 OK
r-release-macos-arm64 0.1-5 OK
r-release-macos-x86_64 0.1-5 OK
r-release-windows-ix86+x86_64 0.1-5 162.00 470.00 632.00 OK
r-oldrel-macos-x86_64 0.1-5 OK
r-oldrel-windows-ix86+x86_64 0.1-5 138.00 433.00 571.00 OK

Check Details

Version: 0.1-5
Check: package dependencies
Result: ERROR
    Package required but not available: 'sf'
    
    See section 'The DESCRIPTION file' in the 'Writing R Extensions'
    manual.
Flavor: r-devel-windows-x86_64-gcc10-UCRT