CRAN Package Check Results for Package owdbr

Last updated on 2021-08-01 07:51:57 CEST.

Flavor Version Tinstall Tcheck Ttotal Status Flags
r-devel-linux-x86_64-debian-clang 1.0.1.1 3.15 31.03 34.18 NOTE
r-devel-linux-x86_64-debian-gcc 1.0.1.1 2.47 24.35 26.82 NOTE
r-devel-linux-x86_64-fedora-clang 1.0.1.1 50.16 NOTE
r-devel-linux-x86_64-fedora-gcc 1.0.1.1 38.73 NOTE
r-devel-windows-x86_64 1.0.1.1 4.00 45.00 49.00 NOTE
r-devel-windows-x86_64-gcc10-UCRT 1.0.1.1 NOTE
r-patched-linux-x86_64 1.0.1.1 NOTE
r-patched-solaris-x86 1.0.1.1 60.90 NOTE
r-release-linux-x86_64 1.0.1.1 2.90 29.82 32.72 NOTE
r-release-macos-arm64 1.0.1.1 NOTE
r-release-macos-x86_64 1.0.1.1 NOTE
r-release-windows-ix86+x86_64 1.0.1.1 7.00 35.00 42.00 NOTE
r-oldrel-macos-x86_64 1.0.1.1 OK
r-oldrel-windows-ix86+x86_64 1.0.1.1 5.00 48.00 53.00 OK

Check Details

Version: 1.0.1.1
Check: LazyData
Result: NOTE
     'LazyData' is specified without a 'data' directory
Flavors: r-devel-linux-x86_64-debian-clang, r-devel-linux-x86_64-debian-gcc, r-devel-linux-x86_64-fedora-clang, r-devel-linux-x86_64-fedora-gcc, r-devel-windows-x86_64, r-devel-windows-x86_64-gcc10-UCRT, r-patched-linux-x86_64, r-patched-solaris-x86, r-release-linux-x86_64, r-release-macos-arm64, r-release-macos-x86_64, r-release-windows-ix86+x86_64