CRAN Package Check Results for Package overlapptest

Last updated on 2021-06-21 07:48:52 CEST.

Flavor Version Tinstall Tcheck Ttotal Status Flags
r-devel-linux-x86_64-debian-clang 1.2-4 5.89 76.43 82.32 OK
r-devel-linux-x86_64-debian-gcc 1.2-4 6.20 59.90 66.10 OK
r-devel-linux-x86_64-fedora-clang 1.2-4 111.02 OK
r-devel-linux-x86_64-fedora-gcc 1.2-4 98.43 OK
r-devel-windows-x86_64 1.2-4 12.00 89.00 101.00 OK
r-devel-windows-x86_64-gcc10-UCRT 1.2-4 OK
r-patched-linux-x86_64 1.2-4 7.85 74.20 82.05 OK
r-patched-solaris-x86 1.2-4 161.10 OK
r-release-linux-x86_64 1.2-4 7.19 74.66 81.85 OK
r-release-macos-arm64 1.2-4 WARN
r-release-macos-x86_64 1.2-4 OK
r-release-windows-ix86+x86_64 1.2-4 16.00 101.00 117.00 OK
r-oldrel-macos-x86_64 1.2-4 OK

Check Details

Version: 1.2-4
Check: package dependencies
Result: NOTE
    Package suggested but not available for checking: ‘rgdal’
Flavor: r-release-macos-arm64

Version: 1.2-4
Check: running R code from vignettes
Result: WARN
    Errors in running code in vignettes:
    when running code in ‘Readshapefiles.Rnw’
     ...
    + package = "overlapptest"), fields = "Date")
    
    > sversion <- read.dcf(file = system.file("DESCRIPTION",
    + package = "overlapptest"), fields = "Version")
    
    > library(rgdal)
    
     When sourcing 'Readshapefiles.R':
    Error: there is no package called 'rgdal'
    Execution halted
    
     ‘Readshapefiles.Rnw’ using ‘latin1’... failed
Flavor: r-release-macos-arm64

Version: 1.2-4
Check: re-building of vignette outputs
Result: NOTE
    Error(s) in re-building vignettes:
     ...
    --- re-building ‘Readshapefiles.Rnw’ using Sweave
    Loading required package: spatstat.data
    spatstat.geom 2.1-0
    
    Error: processing vignette 'Readshapefiles.Rnw' failed with diagnostics:
     chunk 3
    Error in library(rgdal) : there is no package called 'rgdal'
    
    --- failed re-building 'Readshapefiles.Rnw'
    
    SUMMARY: processing the following file failed:
     'Readshapefiles.Rnw'
    
    Error: Vignette re-building failed.
    Execution halted
Flavor: r-release-macos-arm64