CRAN Package Check Results for Package outreg

Last updated on 2022-09-28 06:54:13 CEST.

Flavor Version Tinstall Tcheck Ttotal Status Flags
r-devel-linux-x86_64-debian-clang 0.2.2 2.93 38.44 41.37 NOTE
r-devel-linux-x86_64-debian-gcc 0.2.2 1.96 30.66 32.62 NOTE
r-devel-linux-x86_64-fedora-clang 0.2.2 63.88 NOTE
r-devel-linux-x86_64-fedora-gcc 0.2.2 61.63 NOTE
r-devel-windows-x86_64 0.2.2 8.00 67.00 75.00 NOTE
r-patched-linux-x86_64 0.2.2 2.52 37.60 40.12 NOTE
r-release-linux-x86_64 0.2.2 3.07 37.07 40.14 NOTE
r-release-macos-arm64 0.2.2 18.00 NOTE
r-release-macos-x86_64 0.2.2 34.00 NOTE
r-release-windows-x86_64 0.2.2 11.00 64.00 75.00 NOTE
r-oldrel-macos-arm64 0.2.2 20.00 NOTE
r-oldrel-macos-x86_64 0.2.2 32.00 NOTE
r-oldrel-windows-ix86+x86_64 0.2.2 7.00 60.00 67.00 NOTE

Check Details

Version: 0.2.2
Check: LazyData
Result: NOTE
     'LazyData' is specified without a 'data' directory
Flavors: r-devel-linux-x86_64-debian-clang, r-devel-linux-x86_64-debian-gcc, r-devel-linux-x86_64-fedora-clang, r-devel-linux-x86_64-fedora-gcc, r-devel-windows-x86_64, r-patched-linux-x86_64, r-release-linux-x86_64, r-release-macos-arm64, r-release-macos-x86_64, r-release-windows-x86_64, r-oldrel-macos-arm64, r-oldrel-macos-x86_64, r-oldrel-windows-ix86+x86_64