CRAN Package Check Results for Package outliertree

Last updated on 2024-02-29 00:55:48 CET.

Flavor Version Tinstall Tcheck Ttotal Status Flags
r-devel-linux-x86_64-debian-clang 1.9.0 114.44 45.82 160.26 OK
r-devel-linux-x86_64-debian-gcc 1.9.0 85.70 34.87 120.57 OK
r-devel-linux-x86_64-fedora-clang 1.9.0 254.69 OK
r-devel-linux-x86_64-fedora-gcc 1.9.0 245.98 OK
r-devel-windows-x86_64 1.9.0 82.00 75.00 157.00 OK
r-patched-linux-x86_64 1.9.0 109.85 44.65 154.50 OK
r-release-linux-x86_64 1.9.0 96.91 44.16 141.07 OK
r-release-macos-arm64 1.9.0 69.00 NOTE
r-release-macos-x86_64 1.9.0 141.00 NOTE
r-release-windows-x86_64 1.9.0 110.00 89.00 199.00 OK
r-oldrel-macos-arm64 1.8.1-1 62.00 NOTE
r-oldrel-windows-x86_64 1.8.1-1 86.00 84.00 170.00 OK

Check Details

Version: 1.9.0
Check: installed package size
Result: NOTE installed size is 6.9Mb sub-directories of 1Mb or more: doc 1.1Mb libs 5.5Mb Flavors: r-release-macos-arm64, r-release-macos-x86_64

Version: 1.8.1-1
Check: installed package size
Result: NOTE installed size is 6.9Mb sub-directories of 1Mb or more: doc 1.1Mb libs 5.5Mb Flavor: r-oldrel-macos-arm64