CRAN Package Check Results for Package outerbase

Last updated on 2022-10-01 21:54:00 CEST.

Flavor Version Tinstall Tcheck Ttotal Status Flags
r-devel-linux-x86_64-debian-clang 0.1.0 161.93 214.83 376.76 ERROR
r-devel-linux-x86_64-debian-gcc 0.1.0 124.60 175.76 300.36 NOTE
r-devel-linux-x86_64-fedora-clang 0.1.0 467.64 NOTE
r-devel-linux-x86_64-fedora-gcc 0.1.0 464.85 NOTE
r-devel-windows-x86_64 0.1.0 123.00 229.00 352.00 NOTE
r-patched-linux-x86_64 0.1.0 135.88 203.73 339.61 NOTE
r-release-linux-x86_64 0.1.0 134.61 208.52 343.13 NOTE
r-release-macos-arm64 0.1.0 122.00 NOTE
r-release-macos-x86_64 0.1.0 146.00 NOTE
r-release-windows-x86_64 0.1.0 118.00 207.00 325.00 NOTE
r-oldrel-macos-arm64 0.1.0 119.00 NOTE
r-oldrel-macos-x86_64 0.1.0 160.00 NOTE
r-oldrel-windows-ix86+x86_64 0.1.0 348.00 288.00 636.00 NOTE

Check Details

Version: 0.1.0
Check: for GNU extensions in Makefiles
Result: NOTE
    GNU make is a SystemRequirements.
Flavors: r-devel-linux-x86_64-debian-clang, r-devel-linux-x86_64-debian-gcc, r-devel-linux-x86_64-fedora-clang, r-devel-linux-x86_64-fedora-gcc, r-devel-windows-x86_64, r-patched-linux-x86_64, r-release-linux-x86_64, r-release-macos-arm64, r-release-macos-x86_64, r-release-windows-x86_64, r-oldrel-macos-arm64, r-oldrel-macos-x86_64, r-oldrel-windows-ix86+x86_64

Version: 0.1.0
Check: tests
Result: ERROR
     Running 'testthat.R' [52s/24s]
    Running the tests in 'tests/testthat.R' failed.
    Complete output:
     > library(testthat)
     > library(outerbase)
     >
     > test_check("outerbase")
     OMP: Warning #96: Cannot form a team with 32 threads, using 3 instead.
     OMP: Hint Consider unsetting KMP_DEVICE_THREAD_LIMIT (KMP_ALL_THREADS), KMP_TEAMS_THREAD_LIMIT, and OMP_THREAD_LIMIT (if any are set).
     [ FAIL 1 | WARN 1 | SKIP 0 | PASS 63 ]
    
     == Failed tests ================================================================
     -- Failure (test-obombasic.R:72:3): basic test ---------------------------------
     base mat agreement (`actual`) not equal to 0 (`expected`).
    
     `actual`: 2
     `expected`: 0
    
     [ FAIL 1 | WARN 1 | SKIP 0 | PASS 63 ]
     Error: Test failures
     Execution halted
Flavor: r-devel-linux-x86_64-debian-clang

Version: 0.1.0
Check: installed package size
Result: NOTE
     installed size is 16.0Mb
     sub-directories of 1Mb or more:
     libs 15.5Mb
Flavors: r-release-macos-arm64, r-release-macos-x86_64, r-oldrel-macos-arm64, r-oldrel-macos-x86_64