CRAN Package Check Results for Package outerbase

Last updated on 2023-10-02 19:11:16 CEST.

Flavor Version Tinstall Tcheck Ttotal Status Flags
r-devel-linux-x86_64-debian-clang 0.1.0 152.38 226.50 378.88 NOTE
r-devel-linux-x86_64-debian-gcc 0.1.0 113.85 184.01 297.86 NOTE
r-devel-linux-x86_64-fedora-clang 0.1.0 469.33 NOTE
r-devel-linux-x86_64-fedora-gcc 0.1.0 494.05 NOTE
r-devel-windows-x86_64 0.1.0 115.00 172.00 287.00 NOTE
r-patched-linux-x86_64 0.1.0 148.48 213.74 362.22 NOTE
r-release-linux-x86_64 0.1.0 151.47 224.35 375.82 NOTE
r-release-macos-arm64 0.1.0 135.00 NOTE
r-release-macos-x86_64 0.1.0 235.00 NOTE
r-release-windows-x86_64 0.1.0 149.00 209.00 358.00 NOTE
r-oldrel-macos-arm64 0.1.0 127.00 NOTE
r-oldrel-macos-x86_64 0.1.0 146.00 NOTE
r-oldrel-windows-x86_64 0.1.0 139.00 203.00 342.00 NOTE

Check Details

Version: 0.1.0
Check: C++ specification
Result: NOTE
     Specified C++11: please drop specification unless essential
Flavors: r-devel-linux-x86_64-debian-clang, r-devel-linux-x86_64-debian-gcc, r-devel-linux-x86_64-fedora-clang, r-devel-linux-x86_64-fedora-gcc, r-devel-windows-x86_64, r-patched-linux-x86_64, r-release-linux-x86_64, r-release-macos-arm64, r-release-macos-x86_64, r-release-windows-x86_64

Version: 0.1.0
Check: for GNU extensions in Makefiles
Result: NOTE
    GNU make is a SystemRequirements.
Flavors: r-devel-linux-x86_64-debian-clang, r-devel-linux-x86_64-debian-gcc, r-devel-linux-x86_64-fedora-clang, r-devel-linux-x86_64-fedora-gcc, r-devel-windows-x86_64, r-patched-linux-x86_64, r-release-linux-x86_64, r-release-macos-arm64, r-release-macos-x86_64, r-release-windows-x86_64, r-oldrel-macos-arm64, r-oldrel-macos-x86_64, r-oldrel-windows-x86_64

Version: 0.1.0
Check: installed package size
Result: NOTE
     installed size is 16.9Mb
     sub-directories of 1Mb or more:
     libs 16.4Mb
Flavors: r-release-macos-arm64, r-release-macos-x86_64, r-oldrel-macos-arm64, r-oldrel-macos-x86_64