CRAN Package Check Results for Package otinference

Last updated on 2023-02-08 18:51:27 CET.

Flavor Version Tinstall Tcheck Ttotal Status Flags
r-devel-linux-x86_64-debian-clang 0.1.0 2.18 21.42 23.60 OK
r-devel-linux-x86_64-debian-gcc 0.1.0 1.74 16.75 18.49 OK
r-devel-linux-x86_64-fedora-clang 0.1.0 31.35 NOTE
r-devel-linux-x86_64-fedora-gcc 0.1.0 30.02 NOTE
r-devel-windows-x86_64 0.1.0 16.00 51.00 67.00 NOTE
r-patched-linux-x86_64 0.1.0 1.88 21.63 23.51 OK
r-release-linux-x86_64 0.1.0 2.17 20.89 23.06 OK
r-release-macos-arm64 0.1.0 16.00 NOTE
r-release-macos-x86_64 0.1.0 19.00 NOTE
r-release-windows-x86_64 0.1.0 21.00 50.00 71.00 NOTE
r-oldrel-macos-arm64 0.1.0 20.00 NOTE
r-oldrel-macos-x86_64 0.1.0 25.00 NOTE
r-oldrel-windows-ix86+x86_64 0.1.0 5.00 44.00 49.00 NOTE

Check Details

Version: 0.1.0
Check: package dependencies
Result: NOTE
    Package suggested but not available for checking: ‘Rcplex’
Flavors: r-devel-linux-x86_64-fedora-clang, r-devel-linux-x86_64-fedora-gcc, r-devel-windows-x86_64, r-release-macos-arm64, r-release-macos-x86_64, r-release-windows-x86_64, r-oldrel-macos-arm64, r-oldrel-macos-x86_64, r-oldrel-windows-ix86+x86_64