CRAN Package Check Results for Package osmdata

Last updated on 2021-08-03 13:53:22 CEST.

Flavor Version Tinstall Tcheck Ttotal Status Flags
r-devel-linux-x86_64-debian-clang 0.1.6 86.20 84.47 170.67 OK
r-devel-linux-x86_64-debian-gcc 0.1.6 65.54 63.78 129.32 OK
r-devel-linux-x86_64-fedora-clang 0.1.6 234.09 NOTE
r-devel-linux-x86_64-fedora-gcc 0.1.6 219.37 OK
r-devel-windows-x86_64 0.1.6 100.00 124.00 224.00 NOTE
r-devel-windows-x86_64-gcc10-UCRT 0.1.6 OK
r-patched-linux-x86_64 0.1.6 72.36 80.44 152.80 OK
r-patched-solaris-x86 0.1.6 224.90 NOTE
r-release-linux-x86_64 0.1.6 72.22 80.24 152.46 OK
r-release-macos-arm64 0.1.6 NOTE
r-release-macos-x86_64 0.1.6 NOTE
r-release-windows-ix86+x86_64 0.1.5 183.00 162.00 345.00 NOTE
r-oldrel-macos-x86_64 0.1.6 NOTE
r-oldrel-windows-ix86+x86_64 0.1.6 132.00 136.00 268.00 NOTE

Check Details

Version: 0.1.6
Check: installed package size
Result: NOTE
     installed size is 11.3Mb
     sub-directories of 1Mb or more:
     doc 4.3Mb
     libs 6.0Mb
Flavors: r-devel-linux-x86_64-fedora-clang, r-devel-windows-x86_64, r-patched-solaris-x86, r-release-macos-arm64, r-release-macos-x86_64, r-oldrel-macos-x86_64, r-oldrel-windows-ix86+x86_64

Version: 0.1.5
Check: installed package size
Result: NOTE
     installed size is 7.9Mb
     sub-directories of 1Mb or more:
     doc 4.3Mb
     libs 2.6Mb
Flavor: r-release-windows-ix86+x86_64

Version: 0.1.5
Check: LazyData
Result: NOTE
     'LazyData' is specified without a 'data' directory
Flavor: r-release-windows-ix86+x86_64