Last updated on 2023-01-29 12:55:36 CET.
Flavor | Version | Tinstall | Tcheck | Ttotal | Status | Flags |
---|---|---|---|---|---|---|
r-devel-linux-x86_64-debian-clang | 1.0.4 | 50.15 | 81.54 | 131.69 | OK | |
r-devel-linux-x86_64-debian-gcc | 1.0.4 | 43.32 | 61.95 | 105.27 | NOTE | |
r-devel-linux-x86_64-fedora-clang | 1.0.4 | 158.91 | NOTE | |||
r-devel-linux-x86_64-fedora-gcc | 1.0.4 | 187.15 | NOTE | |||
r-devel-windows-x86_64 | 1.0.4 | 54.00 | 124.00 | 178.00 | NOTE | |
r-patched-linux-x86_64 | 1.0.4 | 43.52 | 78.04 | 121.56 | OK | |
r-release-linux-x86_64 | 1.0.4 | 39.45 | 77.05 | 116.50 | OK | |
r-release-macos-arm64 | 1.0.4 | 72.00 | OK | |||
r-release-macos-x86_64 | 1.0.4 | 67.00 | OK | |||
r-release-windows-x86_64 | 1.0.4 | 54.00 | 118.00 | 172.00 | OK | |
r-oldrel-macos-arm64 | 1.0.4 | 79.00 | OK | |||
r-oldrel-macos-x86_64 | 1.0.4 | 62.00 | OK | |||
r-oldrel-windows-ix86+x86_64 | 1.0.4 | 108.00 | 136.00 | 244.00 | OK |
Version: 1.0.4
Check: C++ specification
Result: NOTE
Specified C++11: please update to current default of C++17
Flavors: r-devel-linux-x86_64-debian-gcc, r-devel-linux-x86_64-fedora-clang, r-devel-linux-x86_64-fedora-gcc, r-devel-windows-x86_64