CRAN Package Check Results for Package ordinalRR

Last updated on 2021-09-20 01:48:56 CEST.

Flavor Version Tinstall Tcheck Ttotal Status Flags
r-devel-linux-x86_64-debian-clang 1.1 3.38 29.29 32.67 OK
r-devel-linux-x86_64-debian-gcc 1.1 2.46 22.92 25.38 OK
r-devel-linux-x86_64-fedora-clang 1.1 47.90 OK
r-devel-linux-x86_64-fedora-gcc 1.1 37.13 OK
r-devel-windows-x86_64 1.1 4.00 38.00 42.00 OK
r-devel-windows-x86_64-gcc10-UCRT 1.1 ERROR
r-patched-linux-x86_64 1.1 3.58 28.58 32.16 OK
r-patched-solaris-x86 1.1 68.80 OK
r-release-linux-x86_64 1.1 3.19 28.62 31.81 OK
r-release-macos-arm64 1.1 OK
r-release-macos-x86_64 1.1 OK
r-release-windows-ix86+x86_64 1.1 7.00 36.00 43.00 OK
r-oldrel-macos-x86_64 1.1 OK
r-oldrel-windows-ix86+x86_64 1.1 7.00 37.00 44.00 OK

Check Details

Version: 1.1
Check: whether package can be installed
Result: WARN
    Found the following significant warnings:
     WARNING: installation-time patches will not be applied, could not get the patches index
Flavor: r-devel-windows-x86_64-gcc10-UCRT

Version: 1.1
Check: PDF version of manual
Result: WARN
    LaTeX errors when creating PDF version.
    This typically indicates Rd problems.
Flavor: r-devel-windows-x86_64-gcc10-UCRT

Version: 1.1
Check: PDF version of manual without hyperrefs or index
Result: ERROR
    Re-running with no redirection of stdout/stderr.
Flavor: r-devel-windows-x86_64-gcc10-UCRT