CRAN Package Check Results for Package ordinalClust

Last updated on 2022-09-26 00:50:38 CEST.

Flavor Version Tinstall Tcheck Ttotal Status Flags
r-devel-linux-x86_64-debian-clang 1.3.5 192.34 64.14 256.48 OK
r-devel-linux-x86_64-debian-gcc 1.3.5 161.88 53.16 215.04 WARN
r-devel-linux-x86_64-fedora-clang 1.3.5 367.28 OK
r-devel-linux-x86_64-fedora-gcc 1.3.5 353.44 OK
r-devel-windows-x86_64 1.3.5 180.00 137.00 317.00 OK
r-patched-linux-x86_64 1.3.5 161.85 68.37 230.22 OK
r-release-linux-x86_64 1.3.5 157.59 69.95 227.54 OK
r-release-macos-arm64 1.3.5 94.00 NOTE
r-release-macos-x86_64 1.3.5 118.00 NOTE
r-release-windows-x86_64 1.3.5 154.00 137.00 291.00 OK
r-oldrel-macos-arm64 1.3.5 120.00 NOTE
r-oldrel-macos-x86_64 1.3.5 134.00 NOTE
r-oldrel-windows-ix86+x86_64 1.3.5 444.00 136.00 580.00 OK

Check Details

Version: 1.3.5
Check: whether package can be installed
Result: WARN
    Found the following significant warnings:
     /usr/include/x86_64-linux-gnu/bits/string_fortified.h:59:33: warning: ‘void* __builtin_memset(void*, int, long unsigned int)’ forming offset [176, 183] is out of the bounds [0, 176] of object ‘b’ with type ‘arma::vec’ {aka ‘arma::Col<double>’} [-Warray-bounds]
Flavor: r-devel-linux-x86_64-debian-gcc

Version: 1.3.5
Check: installed package size
Result: NOTE
     installed size is 8.2Mb
     sub-directories of 1Mb or more:
     libs 7.9Mb
Flavors: r-release-macos-arm64, r-release-macos-x86_64, r-oldrel-macos-arm64, r-oldrel-macos-x86_64