CRAN Package Check Results for Package optweight

Last updated on 2021-09-25 22:54:13 CEST.

Flavor Version Tinstall Tcheck Ttotal Status Flags
r-devel-linux-x86_64-debian-clang 0.2.5 12.79 98.61 111.40 NOTE
r-devel-linux-x86_64-debian-gcc 0.2.5 8.72 72.43 81.15 NOTE
r-devel-linux-x86_64-fedora-clang 0.2.5 140.65 NOTE
r-devel-linux-x86_64-fedora-gcc 0.2.5 126.60 NOTE
r-devel-windows-x86_64 0.2.5 15.00 82.00 97.00 NOTE
r-devel-windows-x86_64-gcc10-UCRT 0.2.5 NOTE
r-patched-linux-x86_64 0.2.5 14.14 91.86 106.00 NOTE
r-patched-solaris-x86 0.2.5 177.10 NOTE
r-release-linux-x86_64 0.2.5 12.54 92.72 105.26 NOTE
r-release-macos-arm64 0.2.5 NOTE
r-release-macos-x86_64 0.2.5 NOTE
r-release-windows-ix86+x86_64 0.2.5 27.00 81.00 108.00 NOTE
r-oldrel-macos-x86_64 0.2.5 OK
r-oldrel-windows-ix86+x86_64 0.2.5 22.00 84.00 106.00 OK

Check Details

Version: 0.2.5
Check: LazyData
Result: NOTE
     'LazyData' is specified without a 'data' directory
Flavors: r-devel-linux-x86_64-debian-clang, r-devel-linux-x86_64-debian-gcc, r-devel-linux-x86_64-fedora-clang, r-devel-linux-x86_64-fedora-gcc, r-devel-windows-x86_64, r-devel-windows-x86_64-gcc10-UCRT, r-patched-linux-x86_64, r-patched-solaris-x86, r-release-linux-x86_64, r-release-macos-arm64, r-release-macos-x86_64, r-release-windows-ix86+x86_64