CRAN Package Check Results for Package optimalThreshold

Last updated on 2021-09-19 13:49:23 CEST.

Flavor Version Tinstall Tcheck Ttotal Status Flags
r-devel-linux-x86_64-debian-clang 1.0 11.61 83.85 95.46 OK
r-devel-linux-x86_64-debian-gcc 1.0 10.32 63.77 74.09 OK
r-devel-linux-x86_64-fedora-clang 1.0 122.74 OK
r-devel-linux-x86_64-fedora-gcc 1.0 112.14 OK
r-devel-windows-x86_64 1.0 13.00 105.00 118.00 OK
r-devel-windows-x86_64-gcc10-UCRT 1.0 ERROR
r-patched-linux-x86_64 1.0 12.50 80.91 93.41 OK
r-patched-solaris-x86 1.0 168.60 OK
r-release-linux-x86_64 1.0 12.08 80.53 92.61 OK
r-release-macos-arm64 1.0 OK
r-release-macos-x86_64 1.0 OK
r-release-windows-ix86+x86_64 1.0 28.00 75.00 103.00 OK
r-oldrel-macos-x86_64 1.0 OK
r-oldrel-windows-ix86+x86_64 1.0 28.00 74.00 102.00 OK

Check Details

Version: 1.0
Check: whether package can be installed
Result: WARN
    Found the following significant warnings:
     WARNING: installation-time patches will not be applied, could not get the patches index
Flavor: r-devel-windows-x86_64-gcc10-UCRT

Version: 1.0
Check: PDF version of manual
Result: WARN
    LaTeX errors when creating PDF version.
    This typically indicates Rd problems.
Flavor: r-devel-windows-x86_64-gcc10-UCRT

Version: 1.0
Check: PDF version of manual without hyperrefs or index
Result: ERROR
    Re-running with no redirection of stdout/stderr.
Flavor: r-devel-windows-x86_64-gcc10-UCRT