CRAN Package Check Results for Package optim.functions

Last updated on 2025-01-19 18:49:35 CET.

Flavor Version Tinstall Tcheck Ttotal Status Flags
r-devel-linux-x86_64-debian-clang 0.1 2.49 18.94 21.43 OK
r-devel-linux-x86_64-debian-gcc 0.1 1.92 15.63 17.55 OK
r-devel-linux-x86_64-fedora-clang 0.1 34.14 OK
r-devel-linux-x86_64-fedora-gcc 0.1 33.81 OK
r-devel-windows-x86_64 0.1 3.00 47.00 50.00 OK
r-patched-linux-x86_64 0.1 2.34 18.05 20.39 NOTE
r-release-linux-x86_64 0.1 2.17 18.00 20.17 NOTE
r-release-macos-arm64 0.1 18.00 NOTE
r-release-macos-x86_64 0.1 23.00 NOTE
r-release-windows-x86_64 0.1 3.00 47.00 50.00 NOTE
r-oldrel-macos-arm64 0.1 19.00 NOTE
r-oldrel-macos-x86_64 0.1 20.00 NOTE
r-oldrel-windows-x86_64 0.1 4.00 47.00 51.00 NOTE

Check Details

Version: 0.1
Check: LazyData
Result: NOTE 'LazyData' is specified without a 'data' directory Flavors: r-patched-linux-x86_64, r-release-linux-x86_64, r-release-macos-arm64, r-release-macos-x86_64, r-release-windows-x86_64, r-oldrel-macos-arm64, r-oldrel-macos-x86_64, r-oldrel-windows-x86_64