CRAN Package Check Results for Package opera

Last updated on 2024-02-24 06:50:44 CET.

Flavor Version Tinstall Tcheck Ttotal Status Flags
r-devel-linux-x86_64-debian-clang 1.2.0 184.08 166.07 350.15 NOTE
r-devel-linux-x86_64-debian-gcc 1.2.0 155.00 124.50 279.50 NOTE
r-devel-linux-x86_64-fedora-clang 1.2.0 455.19 NOTE
r-devel-linux-x86_64-fedora-gcc 1.2.0 508.01 NOTE
r-devel-windows-x86_64 1.2.0 126.00 161.00 287.00 NOTE
r-patched-linux-x86_64 1.2.0 185.52 166.29 351.81 OK
r-release-linux-x86_64 1.2.0 164.77 164.81 329.58 OK
r-release-macos-arm64 1.2.0 120.00 NOTE
r-release-macos-x86_64 1.2.0 212.00 NOTE
r-release-windows-x86_64 1.2.0 164.00 193.00 357.00 NOTE
r-oldrel-macos-arm64 1.2.0 102.00 NOTE
r-oldrel-windows-x86_64 1.2.0 152.00 182.00 334.00 NOTE

Check Details

Version: 1.2.0
Check: Rd files
Result: NOTE checkRd: (-1) loss.Rd:24: Lost braces in \itemize; meant \describe ? checkRd: (-1) loss.Rd:25-26: Lost braces in \itemize; meant \describe ? checkRd: (-1) loss.Rd:27: Lost braces in \itemize; meant \describe ? checkRd: (-1) loss.Rd:32-33: Lost braces in \itemize; meant \describe ? checkRd: (-1) loss.Rd:34-35: Lost braces in \itemize; meant \describe ? checkRd: (-1) mixture-opera.Rd:79: Lost braces in \itemize; meant \describe ? checkRd: (-1) mixture-opera.Rd:80: Lost braces in \itemize; meant \describe ? checkRd: (-1) mixture-opera.Rd:81: Lost braces in \itemize; meant \describe ? checkRd: (-1) mixture-opera.Rd:82: Lost braces in \itemize; meant \describe ? checkRd: (-1) mixture-opera.Rd:83: Lost braces in \itemize; meant \describe ? checkRd: (-1) mixture-opera.Rd:84: Lost braces in \itemize; meant \describe ? checkRd: (-1) mixture-opera.Rd:85: Lost braces in \itemize; meant \describe ? checkRd: (-1) plot.mixture.Rd:33: Lost braces in \itemize; meant \describe ? checkRd: (-1) plot.mixture.Rd:34: Lost braces in \itemize; meant \describe ? Flavors: r-devel-linux-x86_64-debian-clang, r-devel-linux-x86_64-debian-gcc

Version: 1.2.0
Check: dependencies in R code
Result: NOTE Namespace in Imports field not imported from: ‘Rdpack’ All declared Imports should be used. Flavors: r-devel-linux-x86_64-fedora-clang, r-devel-linux-x86_64-fedora-gcc, r-oldrel-macos-arm64

Version: 1.2.0
Check: installed package size
Result: NOTE installed size is 5.1Mb sub-directories of 1Mb or more: extdata 2.1Mb libs 1.4Mb Flavors: r-devel-windows-x86_64, r-release-macos-arm64, r-release-macos-x86_64, r-release-windows-x86_64, r-oldrel-macos-arm64, r-oldrel-windows-x86_64