CRAN Package Check Results for Package opencv

Last updated on 2021-11-26 19:52:58 CET.

Flavor Version Tinstall Tcheck Ttotal Status Flags
r-devel-linux-x86_64-debian-clang 0.2.1 119.24 151.24 270.48 OK
r-devel-linux-x86_64-debian-gcc 0.2.1 78.39 45.98 124.37 OK
r-devel-linux-x86_64-fedora-gcc 0.2.1 292.29 OK
r-devel-windows-x86_64-new-UL 0.2.1 184.00 179.00 363.00 NOTE
r-devel-windows-x86_64-new-TK 0.2.1 OK
r-devel-windows-x86_64-old 0.2.1 140.00 105.00 245.00 NOTE
r-patched-linux-x86_64 0.2.1 97.69 60.28 157.97 OK
r-release-linux-x86_64 0.2.1 OK
r-release-macos-arm64 0.2.1 NOTE
r-release-macos-x86_64 0.2.1 NOTE
r-release-windows-ix86+x86_64 0.2.1 310.00 116.00 426.00 NOTE
r-oldrel-macos-x86_64 0.2.1 NOTE
r-oldrel-windows-ix86+x86_64 0.2.1 266.00 137.00 403.00 NOTE

Check Details

Version: 0.2.1
Check: installed package size
Result: NOTE
     installed size is 23.4Mb
     sub-directories of 1Mb or more:
     libs 13.1Mb
     share 10.2Mb
Flavors: r-devel-windows-x86_64-new-UL, r-devel-windows-x86_64-old, r-release-macos-arm64, r-release-macos-x86_64, r-release-windows-ix86+x86_64, r-oldrel-macos-x86_64, r-oldrel-windows-ix86+x86_64