CRAN Package Check Results for Package opencv

Last updated on 2024-02-21 12:53:07 CET.

Flavor Version Tinstall Tcheck Ttotal Status Flags
r-devel-linux-x86_64-debian-clang 0.4.0 OK
r-devel-linux-x86_64-debian-gcc 0.4.0 108.59 39.18 147.77 OK
r-devel-linux-x86_64-fedora-gcc 0.4.0 305.96 OK
r-devel-windows-x86_64 0.4.0 122.00 181.00 303.00 NOTE
r-patched-linux-x86_64 0.4.0 137.16 52.62 189.78 OK
r-release-linux-x86_64 0.4.0 145.03 51.88 196.91 OK
r-release-macos-arm64 0.4.0 74.00 NOTE
r-release-macos-x86_64 0.4.0 92.00 NOTE
r-release-windows-x86_64 0.4.0 117.00 216.00 333.00 NOTE
r-oldrel-macos-arm64 0.4.0 69.00 NOTE
r-oldrel-windows-x86_64 0.4.0 189.00 191.00 380.00 NOTE

Check Details

Version: 0.4.0
Check: installed package size
Result: NOTE installed size is 30.3Mb sub-directories of 1Mb or more: libs 19.9Mb share 10.2Mb Flavors: r-devel-windows-x86_64, r-release-macos-arm64, r-release-macos-x86_64, r-release-windows-x86_64, r-oldrel-macos-arm64, r-oldrel-windows-x86_64