CRAN Package Check Results for Package onlineretail

Last updated on 2021-11-26 19:52:58 CET.

Flavor Version Tinstall Tcheck Ttotal Status Flags
r-devel-linux-x86_64-debian-clang 0.1.2 30.27 26.76 57.03 OK
r-devel-linux-x86_64-debian-gcc 0.1.2 27.01 22.00 49.01 OK
r-devel-linux-x86_64-fedora-clang 0.1.2 87.72 NOTE
r-devel-linux-x86_64-fedora-gcc 0.1.2 78.98 NOTE
r-devel-windows-x86_64-new-UL 0.1.2 41.00 53.00 94.00 OK
r-devel-windows-x86_64-new-TK 0.1.2 NOTE
r-devel-windows-x86_64-old 0.1.2 43.00 41.00 84.00 OK
r-patched-linux-x86_64 0.1.2 30.20 26.39 56.59 OK
r-patched-solaris-x86 0.1.2 162.50 NOTE
r-release-linux-x86_64 0.1.2 OK
r-release-macos-arm64 0.1.2 NOTE
r-release-macos-x86_64 0.1.2 NOTE
r-release-windows-ix86+x86_64 0.1.2 45.00 31.00 76.00 OK
r-oldrel-macos-x86_64 0.1.2 NOTE
r-oldrel-windows-ix86+x86_64 0.1.2 43.00 30.00 73.00 OK

Check Details

Version: 0.1.2
Check: data for non-ASCII characters
Result: NOTE
     Note: found 32 marked UTF-8 strings
Flavors: r-devel-linux-x86_64-fedora-clang, r-devel-linux-x86_64-fedora-gcc, r-devel-windows-x86_64-new-TK, r-patched-solaris-x86, r-release-macos-arm64, r-release-macos-x86_64, r-oldrel-macos-x86_64