CRAN Package Check Results for Package onlineforecast

Last updated on 2021-11-26 19:52:58 CET.

Flavor Version Tinstall Tcheck Ttotal Status Flags
r-devel-linux-x86_64-debian-clang 1.0.0 46.83 350.95 397.78 OK
r-devel-linux-x86_64-debian-gcc 1.0.0 36.10 244.83 280.93 OK
r-devel-linux-x86_64-fedora-clang 1.0.0 480.51 OK
r-devel-linux-x86_64-fedora-gcc 1.0.0 470.20 OK
r-devel-windows-x86_64-new-UL 1.0.0 72.00 462.00 534.00 OK
r-devel-windows-x86_64-new-TK 1.0.0 OK
r-devel-windows-x86_64-old 1.0.0 45.00 426.00 471.00 OK
r-patched-linux-x86_64 1.0.0 43.04 340.68 383.72 OK
r-patched-solaris-x86 1.0.0 165.80 OK
r-release-linux-x86_64 1.0.0 OK
r-release-macos-arm64 1.0.0 NOTE
r-release-macos-x86_64 1.0.0 NOTE
r-release-windows-ix86+x86_64 1.0.0 115.00 340.00 455.00 NOTE
r-oldrel-macos-x86_64 1.0.0 NOTE
r-oldrel-windows-ix86+x86_64 1.0.0 83.00 454.00 537.00 NOTE

Check Details

Version: 1.0.0
Check: installed package size
Result: NOTE
     installed size is 5.8Mb
     sub-directories of 1Mb or more:
     doc 3.2Mb
     libs 2.0Mb
Flavors: r-release-macos-arm64, r-release-macos-x86_64, r-release-windows-ix86+x86_64, r-oldrel-macos-x86_64, r-oldrel-windows-ix86+x86_64