CRAN Package Check Results for Package onlinePCA

Last updated on 2022-10-03 18:52:14 CEST.

Flavor Version Tinstall Tcheck Ttotal Status Flags
r-devel-linux-x86_64-debian-clang 1.3.1 55.89 79.57 135.46 OK
r-devel-linux-x86_64-debian-gcc 1.3.1 42.84 60.43 103.27 OK
r-devel-linux-x86_64-fedora-clang 1.3.1 189.64 NOTE
r-devel-linux-x86_64-fedora-gcc 1.3.1 174.26 NOTE
r-devel-windows-x86_64 1.3.1 52.00 123.00 175.00 OK
r-patched-linux-x86_64 1.3.1 44.88 77.30 122.18 OK
r-release-linux-x86_64 1.3.1 41.76 76.07 117.83 OK
r-release-macos-arm64 1.3.1 46.00 OK
r-release-macos-x86_64 1.3.1 62.00 OK
r-release-windows-x86_64 1.3.1 58.00 122.00 180.00 OK
r-oldrel-macos-arm64 1.3.1 52.00 OK
r-oldrel-macos-x86_64 1.3.1 72.00 OK
r-oldrel-windows-ix86+x86_64 1.3.1 135.00 144.00 279.00 OK

Check Details

Version: 1.3.1
Check: compiled code
Result: NOTE
    File ‘onlinePCA/libs/onlinePCA.so’:
     Found no calls to: ‘R_registerRoutines’, ‘R_useDynamicSymbols’
    
    It is good practice to register native routines and to disable symbol
    search.
    
    See ‘Writing portable packages’ in the ‘Writing R Extensions’ manual.
Flavors: r-devel-linux-x86_64-fedora-clang, r-devel-linux-x86_64-fedora-gcc