CRAN Package Check Results for Package ondisc

Last updated on 2024-02-25 18:51:31 CET.

Flavor Version Tinstall Tcheck Ttotal Status Flags
r-devel-linux-x86_64-debian-clang 1.0.0 47.21 90.66 137.87 NOTE
r-devel-linux-x86_64-debian-gcc 1.0.0 34.52 62.78 97.30 NOTE
r-devel-linux-x86_64-fedora-clang 1.0.0 188.10 NOTE
r-devel-linux-x86_64-fedora-gcc 1.0.0 194.98 NOTE
r-devel-windows-x86_64 1.0.0 39.00 125.00 164.00 NOTE
r-patched-linux-x86_64 1.0.0 39.47 85.03 124.50 NOTE
r-release-linux-x86_64 1.0.0 32.47 84.52 116.99 NOTE
r-release-macos-arm64 1.0.0 10.00 ERROR
r-release-macos-x86_64 1.0.0 6.00 ERROR
r-release-windows-x86_64 1.0.0 50.00 138.00 188.00 NOTE
r-oldrel-macos-arm64 1.0.0 51.00 NOTE
r-oldrel-windows-x86_64 1.0.0 47.00 131.00 178.00 NOTE

Check Details

Version: 1.0.0
Check: LazyData
Result: NOTE 'LazyData' is specified without a 'data' directory Flavors: r-devel-linux-x86_64-debian-clang, r-devel-linux-x86_64-debian-gcc, r-devel-linux-x86_64-fedora-clang, r-devel-linux-x86_64-fedora-gcc, r-devel-windows-x86_64, r-patched-linux-x86_64, r-release-linux-x86_64, r-release-windows-x86_64, r-oldrel-macos-arm64, r-oldrel-windows-x86_64

Version: 1.0.0
Check: for GNU extensions in Makefiles
Result: NOTE GNU make is a SystemRequirements. Flavors: r-devel-linux-x86_64-debian-clang, r-devel-linux-x86_64-debian-gcc, r-devel-linux-x86_64-fedora-clang, r-devel-linux-x86_64-fedora-gcc, r-devel-windows-x86_64, r-patched-linux-x86_64, r-release-linux-x86_64, r-release-windows-x86_64, r-oldrel-macos-arm64, r-oldrel-windows-x86_64

Version: 1.0.0
Check: installed package size
Result: NOTE installed size is 5.5Mb sub-directories of 1Mb or more: libs 4.3Mb Flavors: r-devel-linux-x86_64-fedora-clang, r-devel-windows-x86_64, r-release-windows-x86_64, r-oldrel-macos-arm64, r-oldrel-windows-x86_64

Version: 1.0.0
Check: package dependencies
Result: ERROR Packages required but not available: 'rhdf5', 'Rhdf5lib' See section ‘The DESCRIPTION file’ in the ‘Writing R Extensions’ manual. Flavors: r-release-macos-arm64, r-release-macos-x86_64