CRAN Package Check Results for Package odin

Last updated on 2021-07-23 13:52:52 CEST.

Flavor Version Tinstall Tcheck Ttotal Status Flags
r-devel-linux-x86_64-debian-clang 1.2.1 9.06 142.30 151.36 OK
r-devel-linux-x86_64-debian-gcc 1.2.1 9.48 101.21 110.69 OK
r-devel-linux-x86_64-fedora-clang 1.2.1 182.44 OK
r-devel-linux-x86_64-fedora-gcc 1.2.1 183.54 OK
r-devel-windows-x86_64 1.2.1 13.00 154.00 167.00 OK
r-devel-windows-x86_64-gcc10-UCRT 0.0.1 OK
r-patched-linux-x86_64 1.2.1 8.89 128.46 137.35 OK
r-patched-solaris-x86 1.2.1 263.50 OK
r-release-linux-x86_64 1.2.1 9.64 131.28 140.92 OK
r-release-macos-arm64 1.0.8 NOTE
r-release-macos-x86_64 1.2.1 WARN
r-release-windows-ix86+x86_64 1.2.1 18.00 190.00 208.00 OK
r-oldrel-macos-x86_64 1.2.1 WARN
r-oldrel-windows-ix86+x86_64 1.2.1 17.00 194.00 211.00 OK

Check Details

Version: 1.0.8
Check: LazyData
Result: NOTE
     'LazyData' is specified without a 'data' directory
Flavor: r-release-macos-arm64

Version: 1.2.1
Check: re-building of vignette outputs
Result: WARN
    Error(s) in re-building vignettes:
    --- re-building ‘discrete.Rmd’ using rmarkdown
    Warning in engine$weave(file, quiet = quiet, encoding = enc) :
     Pandoc (>= 1.12.3) not available. Falling back to R Markdown v1.
    Error: processing vignette 'discrete.Rmd' failed with diagnostics:
    there is no package called 'stringi'
    --- failed re-building ‘discrete.Rmd’
    
    --- re-building ‘functions.Rmd’ using rmarkdown
    Warning in engine$weave(file, quiet = quiet, encoding = enc) :
     Pandoc (>= 1.12.3) not available. Falling back to R Markdown v1.
    Error: processing vignette 'functions.Rmd' failed with diagnostics:
    there is no package called 'stringi'
    --- failed re-building ‘functions.Rmd’
    
    --- re-building ‘odin.Rmd’ using rmarkdown
    Warning in engine$weave(file, quiet = quiet, encoding = enc) :
     Pandoc (>= 1.12.3) not available. Falling back to R Markdown v1.
    Error: processing vignette 'odin.Rmd' failed with diagnostics:
    there is no package called 'stringi'
    --- failed re-building ‘odin.Rmd’
    
    SUMMARY: processing the following files failed:
     ‘discrete.Rmd’ ‘functions.Rmd’ ‘odin.Rmd’
    
    Error: Vignette re-building failed.
    Execution halted
Flavors: r-release-macos-x86_64, r-oldrel-macos-x86_64