CRAN Package Check Results for Package oceanis

Last updated on 2021-06-14 07:48:44 CEST.

Flavor Version Tinstall Tcheck Ttotal Status Flags
r-devel-linux-x86_64-debian-clang 1.7.5.2 50.65 308.56 359.21 OK
r-devel-linux-x86_64-debian-gcc 1.7.5.2 41.83 224.83 266.66 OK
r-devel-linux-x86_64-fedora-clang 1.7.5.2 452.48 NOTE
r-devel-linux-x86_64-fedora-gcc 1.7.5.2 437.00 NOTE
r-devel-windows-x86_64 1.7.5.2 77.00 356.00 433.00 OK
r-devel-windows-x86_64-gcc10-UCRT 1.7.5.2 ERROR
r-patched-linux-x86_64 1.7.5.2 47.73 291.72 339.45 OK
r-patched-solaris-x86 1.7.5.2 502.80 NOTE
r-release-linux-x86_64 1.7.5.2 43.57 290.87 334.44 OK
r-release-macos-arm64 1.7.5.2 NOTE
r-release-macos-x86_64 1.7.5.2 NOTE
r-release-windows-ix86+x86_64 1.7.5.2 89.00 342.00 431.00 OK
r-oldrel-macos-x86_64 1.7.5.2 NOTE
r-oldrel-windows-ix86+x86_64 1.7.5.2 90.00 341.00 431.00 OK

Check Details

Version: 1.7.5.2
Check: dependencies in R code
Result: NOTE
    Namespace in Imports field not imported from: ‘units’
     All declared Imports should be used.
Flavors: r-devel-linux-x86_64-fedora-clang, r-devel-linux-x86_64-fedora-gcc, r-patched-solaris-x86, r-release-macos-arm64, r-release-macos-x86_64, r-oldrel-macos-x86_64

Version: 1.7.5.2
Check: package dependencies
Result: ERROR
    Packages required but not available: 'sf', 'lwgeom', 'mapview'
    
    See section 'The DESCRIPTION file' in the 'Writing R Extensions'
    manual.
Flavor: r-devel-windows-x86_64-gcc10-UCRT

Version: 1.7.5.2
Check: installed package size
Result: NOTE
     installed size is 5.3Mb
     sub-directories of 1Mb or more:
     R 2.0Mb
     extdata 1.9Mb
Flavor: r-release-macos-arm64