CRAN Package Check Results for Package oceanis

Last updated on 2025-04-18 12:49:38 CEST.

Flavor Version Tinstall Tcheck Ttotal Status Flags
r-devel-linux-x86_64-debian-clang 1.8.5 48.15 219.57 267.72 OK
r-devel-linux-x86_64-debian-gcc 1.8.5 26.15 139.99 166.14 OK
r-devel-linux-x86_64-fedora-clang 1.8.5 452.22 OK
r-devel-linux-x86_64-fedora-gcc 1.8.5 457.69 OK
r-devel-windows-x86_64 1.8.5 43.00 194.00 237.00 OK
r-patched-linux-x86_64 1.8.5 40.79 204.91 245.70 OK
r-release-linux-x86_64 1.8.5 42.68 205.73 248.41 OK
r-release-macos-arm64 1.8.5 94.00 OK
r-release-macos-x86_64 1.8.5 201.00 OK
r-release-windows-x86_64 1.8.5 46.00 192.00 238.00 OK
r-oldrel-macos-arm64 1.8.5 98.00 NOTE
r-oldrel-macos-x86_64 1.8.5 166.00 NOTE
r-oldrel-windows-x86_64 1.8.5 61.00 250.00 311.00 NOTE

Check Details

Version: 1.8.5
Check: installed package size
Result: NOTE installed size is 10.1Mb sub-directories of 1Mb or more: R 2.0Mb doc 5.7Mb extdata 1.6Mb Flavors: r-oldrel-macos-arm64, r-oldrel-macos-x86_64, r-oldrel-windows-x86_64