Last updated on 2023-01-30 12:55:25 CET.
Flavor | Version | Tinstall | Tcheck | Ttotal | Status | Flags |
---|---|---|---|---|---|---|
r-devel-linux-x86_64-debian-clang | 0.1.5 | 9.66 | 96.16 | 105.82 | OK | |
r-devel-linux-x86_64-debian-gcc | 0.1.5 | 7.67 | 72.55 | 80.22 | OK | |
r-devel-linux-x86_64-fedora-clang | 0.1.5 | 127.80 | NOTE | |||
r-devel-linux-x86_64-fedora-gcc | 0.1.5 | 126.19 | NOTE | |||
r-devel-windows-x86_64 | 0.1.5 | 20.00 | 122.00 | 142.00 | OK | |
r-patched-linux-x86_64 | 0.1.5 | 9.02 | 93.70 | 102.72 | OK | |
r-release-linux-x86_64 | 0.1.5 | 8.72 | 91.87 | 100.59 | OK | |
r-release-macos-arm64 | 0.1.5 | 39.00 | OK | |||
r-release-macos-x86_64 | 0.1.5 | 54.00 | OK | |||
r-release-windows-x86_64 | 0.1.5 | 22.00 | 125.00 | 147.00 | OK | |
r-oldrel-macos-arm64 | 0.1.5 | 40.00 | OK | |||
r-oldrel-macos-x86_64 | 0.1.5 | 60.00 | OK | |||
r-oldrel-windows-ix86+x86_64 | 0.1.5 | 26.00 | 122.00 | 148.00 | OK |
Version: 0.1.5
Check: data for non-ASCII characters
Result: NOTE
Note: found 1242 marked UTF-8 strings
Flavors: r-devel-linux-x86_64-fedora-clang, r-devel-linux-x86_64-fedora-gcc