CRAN Package Check Results for Package oce

Last updated on 2024-02-22 21:51:47 CET.

Flavor Version Tinstall Tcheck Ttotal Status Flags
r-devel-linux-x86_64-debian-clang 1.8-2 OK
r-devel-linux-x86_64-debian-gcc 1.8-2 214.59 506.57 721.16 OK
r-devel-linux-x86_64-fedora-clang 1.8-2 1294.25 NOTE
r-devel-linux-x86_64-fedora-gcc 1.8-2 1218.66 OK
r-devel-windows-x86_64 1.8-2 231.00 651.00 882.00 NOTE
r-patched-linux-x86_64 1.8-2 294.31 660.71 955.02 OK
r-release-linux-x86_64 1.8-2 288.65 669.78 958.43 OK
r-release-macos-arm64 1.8-2 286.00 NOTE
r-release-macos-x86_64 1.8-2 699.00 NOTE
r-release-windows-x86_64 1.8-2 301.00 846.00 1147.00 NOTE
r-oldrel-macos-arm64 1.8-2 277.00 NOTE
r-oldrel-windows-x86_64 1.8-2 289.00 677.00 966.00 NOTE

Check Details

Version: 1.8-2
Check: installed package size
Result: NOTE installed size is 9.7Mb sub-directories of 1Mb or more: R 2.7Mb data 1.0Mb doc 1.7Mb help 3.2Mb Flavors: r-devel-linux-x86_64-fedora-clang, r-devel-windows-x86_64, r-release-macos-arm64, r-release-macos-x86_64, r-release-windows-x86_64, r-oldrel-macos-arm64, r-oldrel-windows-x86_64