CRAN Package Check Results for Package numberofalleles

Last updated on 2024-02-21 06:53:16 CET.

Flavor Version Tinstall Tcheck Ttotal Status Flags
r-devel-linux-x86_64-debian-clang 1.0.1 OK
r-devel-linux-x86_64-debian-gcc 1.0.1 36.86 35.41 72.27 OK
r-devel-linux-x86_64-fedora-clang 1.0.1 132.22 NOTE
r-devel-linux-x86_64-fedora-gcc 1.0.1 137.46 NOTE
r-devel-windows-x86_64 1.0.1 36.00 75.00 111.00 OK
r-patched-linux-x86_64 1.0.1 46.90 44.54 91.44 OK
r-release-linux-x86_64 1.0.1 50.84 44.90 95.74 OK
r-release-macos-arm64 1.0.1 43.00 OK
r-release-macos-x86_64 1.0.1 67.00 OK
r-release-windows-x86_64 1.0.1 47.00 84.00 131.00 OK
r-oldrel-macos-arm64 1.0.1 34.00 NOTE
r-oldrel-windows-x86_64 1.0.1 42.00 86.00 128.00 OK

Check Details

Version: 1.0.1
Check: dependencies in R code
Result: NOTE Namespace in Imports field not imported from: ‘pedtools’ All declared Imports should be used. Flavors: r-devel-linux-x86_64-fedora-clang, r-devel-linux-x86_64-fedora-gcc, r-oldrel-macos-arm64