Last updated on 2023-04-01 21:54:14 CEST.
Flavor | Version | Tinstall | Tcheck | Ttotal | Status | Flags |
---|---|---|---|---|---|---|
r-devel-linux-x86_64-debian-clang | 0.3.9 | 11.25 | 131.75 | 143.00 | OK | |
r-devel-linux-x86_64-debian-gcc | 0.3.9 | 10.29 | 99.70 | 109.99 | OK | |
r-devel-linux-x86_64-fedora-clang | 0.3.9 | 174.93 | NOTE | |||
r-devel-linux-x86_64-fedora-gcc | 0.3.9 | 625.85 | NOTE | |||
r-devel-windows-x86_64 | 0.3.9 | 19.00 | 156.00 | 175.00 | OK | |
r-patched-linux-x86_64 | 0.3.9 | 12.04 | 125.88 | 137.92 | OK | |
r-release-linux-x86_64 | 0.3.9 | 8.66 | 127.52 | 136.18 | OK | |
r-release-macos-arm64 | 0.3.9 | 106.00 | NOTE | |||
r-release-macos-x86_64 | 0.3.9 | 275.00 | NOTE | |||
r-release-windows-x86_64 | 0.3.9 | 30.00 | 172.00 | 202.00 | OK | |
r-oldrel-macos-arm64 | 0.3.9 | 166.00 | NOTE | |||
r-oldrel-macos-x86_64 | 0.3.9 | 236.00 | NOTE | |||
r-oldrel-windows-ix86+x86_64 | 0.3.9 | 26.00 | 155.00 | 181.00 | OK |
Version: 0.3.9
Check: dependencies in R code
Result: NOTE
Namespaces in Imports field not imported from:
‘forecast’ ‘rlang’ ‘tsibble’ ‘viridis’
All declared Imports should be used.
Flavors: r-devel-linux-x86_64-fedora-clang, r-devel-linux-x86_64-fedora-gcc, r-release-macos-arm64, r-release-macos-x86_64, r-oldrel-macos-arm64, r-oldrel-macos-x86_64