CRAN Package Check Results for Package nseval

Last updated on 2022-11-30 12:54:37 CET.

Flavor Version Tinstall Tcheck Ttotal Status Flags
r-devel-linux-x86_64-debian-clang 0.4.2 4.34 37.25 41.59 WARN
r-devel-linux-x86_64-debian-gcc 0.4.2 3.53 28.13 31.66 WARN
r-devel-linux-x86_64-fedora-clang 0.4.2 61.32 WARN
r-devel-linux-x86_64-fedora-gcc 0.4.2 59.71 WARN
r-devel-windows-x86_64 0.4.2 41.00 75.00 116.00 OK
r-patched-linux-x86_64 0.4.2 5.34 33.84 39.18 OK
r-release-linux-x86_64 0.4.2 5.18 34.50 39.68 OK
r-release-macos-arm64 0.4.2 23.00 OK
r-release-macos-x86_64 0.4.2 28.00 OK
r-release-windows-x86_64 0.4.2 42.00 71.00 113.00 OK
r-oldrel-macos-arm64 0.4.2 20.00 OK
r-oldrel-macos-x86_64 0.4.2 28.00 OK
r-oldrel-windows-ix86+x86_64 0.4.2 15.00 76.00 91.00 OK

Additional issues

rchk

Check Details

Version: 0.4.2
Check: whether package can be installed
Result: WARN
    Found the following significant warnings:
     ./vadr.h:55:18: warning: a function declaration without a prototype is deprecated in all versions of C [-Wstrict-prototypes]
     ./promises.h:5:19: warning: a function declaration without a prototype is deprecated in all versions of C [-Wstrict-prototypes]
     dots.c:5:18: warning: a function declaration without a prototype is deprecated in all versions of C [-Wstrict-prototypes]
     promises.c:93:19: warning: a function declaration without a prototype is deprecated in all versions of C [-Wstrict-prototypes]
     vadr.c:22:18: warning: a function declaration without a prototype is deprecated in all versions of C [-Wstrict-prototypes]
Flavors: r-devel-linux-x86_64-debian-clang, r-devel-linux-x86_64-fedora-clang

Version: 0.4.2
Check: whether package can be installed
Result: WARN
    Found the following significant warnings:
     vadr.h:55:1: warning: function declaration isn’t a prototype [-Wstrict-prototypes]
     promises.h:5:1: warning: function declaration isn’t a prototype [-Wstrict-prototypes]
     dots.c:5:1: warning: function declaration isn’t a prototype [-Wstrict-prototypes]
     promises.c:93:6: warning: function declaration isn’t a prototype [-Wstrict-prototypes]
     vadr.c:22:6: warning: function declaration isn’t a prototype [-Wstrict-prototypes]
Flavors: r-devel-linux-x86_64-debian-gcc, r-devel-linux-x86_64-fedora-gcc