CRAN Package Check Results for Package nproc

Last updated on 2021-09-24 22:53:01 CEST.

Flavor Version Tinstall Tcheck Ttotal Status Flags
r-devel-linux-x86_64-debian-clang 2.1.5 7.97 119.39 127.36 NOTE
r-devel-linux-x86_64-debian-gcc 2.1.5 7.17 81.69 88.86 NOTE
r-devel-linux-x86_64-fedora-clang 2.1.5 161.11 NOTE
r-devel-linux-x86_64-fedora-gcc 2.1.5 151.68 NOTE
r-devel-windows-x86_64 2.1.5 10.00 127.00 137.00 NOTE
r-devel-windows-x86_64-gcc10-UCRT 2.1.5 NOTE
r-patched-linux-x86_64 2.1.5 6.96 119.37 126.33 NOTE
r-patched-solaris-x86 2.1.5 157.70 NOTE
r-release-linux-x86_64 2.1.5 7.52 118.53 126.05 NOTE
r-release-macos-arm64 2.1.5 NOTE
r-release-macos-x86_64 2.1.5 NOTE
r-release-windows-ix86+x86_64 2.1.5 18.00 128.00 146.00 NOTE
r-oldrel-macos-x86_64 2.1.5 OK
r-oldrel-windows-ix86+x86_64 2.1.5 14.00 129.00 143.00 OK

Check Details

Version: 2.1.5
Check: LazyData
Result: NOTE
     'LazyData' is specified without a 'data' directory
Flavors: r-devel-linux-x86_64-debian-clang, r-devel-linux-x86_64-debian-gcc, r-devel-linux-x86_64-fedora-clang, r-devel-linux-x86_64-fedora-gcc, r-devel-windows-x86_64, r-devel-windows-x86_64-gcc10-UCRT, r-patched-linux-x86_64, r-patched-solaris-x86, r-release-linux-x86_64, r-release-macos-arm64, r-release-macos-x86_64, r-release-windows-ix86+x86_64