CRAN Package Check Results for Package npphen

Last updated on 2024-06-13 06:58:10 CEST.

Flavor Version Tinstall Tcheck Ttotal Status Flags
r-devel-linux-x86_64-debian-clang 2.0.0 34.61 290.36 324.97 OK
r-devel-linux-x86_64-debian-gcc 2.0.0 0.36 1.57 1.93 ERROR
r-devel-linux-x86_64-fedora-clang 2.0.0 420.50 OK
r-devel-linux-x86_64-fedora-gcc 2.0.0 365.90 OK
r-devel-windows-x86_64 2.0.0 23.00 175.00 198.00 OK
r-patched-linux-x86_64 2.0.0 28.46 270.88 299.34 OK
r-release-linux-x86_64 2.0.0 28.62 272.36 300.98 OK
r-release-macos-arm64 2.0.0 83.00 OK
r-release-macos-x86_64 2.0.0 135.00 OK
r-release-windows-x86_64 2.0.0 23.00 178.00 201.00 OK
r-oldrel-macos-arm64 2.0.0 86.00 OK
r-oldrel-macos-x86_64 2.0.0 232.00 OK
r-oldrel-windows-x86_64 2.0.0 31.00 234.00 265.00 OK

Check Details

Version: 2.0.0
Check: package dependencies
Result: ERROR Package required but not available: ‘lubridate’ See section ‘The DESCRIPTION file’ in the ‘Writing R Extensions’ manual. Flavor: r-devel-linux-x86_64-debian-gcc