CRAN Package Check Results for Package notifyme

Last updated on 2021-08-01 07:51:57 CEST.

Flavor Version Tinstall Tcheck Ttotal Status Flags
r-devel-linux-x86_64-debian-clang 0.3.0 2.00 22.05 24.05 NOTE
r-devel-linux-x86_64-debian-gcc 0.3.0 1.70 17.47 19.17 NOTE
r-devel-linux-x86_64-fedora-clang 0.3.0 37.79 NOTE
r-devel-linux-x86_64-fedora-gcc 0.3.0 27.82 NOTE
r-devel-windows-x86_64 0.3.0 3.00 37.00 40.00 NOTE
r-devel-windows-x86_64-gcc10-UCRT 0.3.0 NOTE
r-patched-linux-x86_64 0.3.0 NOTE
r-patched-solaris-x86 0.3.0 45.90 NOTE
r-release-linux-x86_64 0.3.0 1.82 21.40 23.22 NOTE
r-release-macos-arm64 0.3.0 NOTE
r-release-macos-x86_64 0.3.0 NOTE
r-release-windows-ix86+x86_64 0.3.0 5.00 28.00 33.00 NOTE
r-oldrel-macos-x86_64 0.3.0 OK
r-oldrel-windows-ix86+x86_64 0.3.0 4.00 39.00 43.00 OK

Check Details

Version: 0.3.0
Check: LazyData
Result: NOTE
     'LazyData' is specified without a 'data' directory
Flavors: r-devel-linux-x86_64-debian-clang, r-devel-linux-x86_64-debian-gcc, r-devel-linux-x86_64-fedora-clang, r-devel-linux-x86_64-fedora-gcc, r-devel-windows-x86_64, r-devel-windows-x86_64-gcc10-UCRT, r-patched-linux-x86_64, r-patched-solaris-x86, r-release-linux-x86_64, r-release-macos-arm64, r-release-macos-x86_64, r-release-windows-ix86+x86_64