CRAN Package Check Results for Package nosoi

Last updated on 2024-06-14 00:53:51 CEST.

Flavor Version Tinstall Tcheck Ttotal Status Flags
r-devel-linux-x86_64-debian-clang 1.1.2 6.99 247.31 254.30 OK
r-devel-linux-x86_64-debian-gcc 1.1.2 4.11 53.81 57.92 NOTE
r-devel-linux-x86_64-fedora-clang 1.1.2 330.05 OK
r-devel-linux-x86_64-fedora-gcc 1.1.2 300.08 OK
r-devel-windows-x86_64 1.1.2 6.00 185.00 191.00 OK
r-patched-linux-x86_64 1.1.2 4.87 240.56 245.43 OK
r-release-linux-x86_64 1.1.2 5.26 239.05 244.31 OK
r-release-macos-arm64 1.1.2 82.00 OK
r-release-macos-x86_64 1.1.2 134.00 OK
r-release-windows-x86_64 1.1.2 5.00 185.00 190.00 OK
r-oldrel-macos-arm64 1.1.2 91.00 OK
r-oldrel-macos-x86_64 1.1.2 235.00 OK
r-oldrel-windows-x86_64 1.1.2 7.00 221.00 228.00 OK

Check Details

Version: 1.1.2
Check: package dependencies
Result: NOTE Packages suggested but not available for checking: 'testthat', 'igraph', 'ggplot2', 'ggnetwork', 'intergraph', 'viridis', 'gganimate', 'tidytree', 'treeio', 'ggtree', 'dplyr' Flavor: r-devel-linux-x86_64-debian-gcc

Version: 1.1.2
Check: Rd cross-references
Result: NOTE Package unavailable to check Rd xrefs: ‘treeio’ Flavor: r-devel-linux-x86_64-debian-gcc

Version: 1.1.2
Check: re-building of vignette outputs
Result: NOTE Note: skipping ‘continuous.Rmd’ due to unavailable dependencies: 'ggplot2' Note: skipping ‘discrete.Rmd’ due to unavailable dependencies: 'ggplot2' Note: skipping ‘none.Rmd’ due to unavailable dependencies: 'ggplot2' Note: skipping ‘nosoi.Rmd’ due to unavailable dependencies: 'ggplot2' Flavor: r-devel-linux-x86_64-debian-gcc