CRAN Package Check Results for Package nofrills

Last updated on 2021-11-26 19:52:58 CET.

Flavor Version Tinstall Tcheck Ttotal Status Flags
r-devel-linux-x86_64-debian-clang 0.3.1 2.26 25.70 27.96 NOTE
r-devel-linux-x86_64-debian-gcc 0.3.1 1.57 20.45 22.02 NOTE
r-devel-linux-x86_64-fedora-clang 0.3.1 44.60 NOTE
r-devel-linux-x86_64-fedora-gcc 0.3.1 34.13 NOTE
r-devel-windows-x86_64-new-UL 0.3.1 7.00 61.00 68.00 NOTE
r-devel-windows-x86_64-new-TK 0.3.1 NOTE
r-devel-windows-x86_64-old 0.3.1 4.00 59.00 63.00 NOTE
r-patched-linux-x86_64 0.3.1 2.50 24.41 26.91 NOTE
r-patched-solaris-x86 0.3.1 53.40 NOTE
r-release-linux-x86_64 0.3.1 NOTE
r-release-macos-arm64 0.3.1 NOTE
r-release-macos-x86_64 0.3.1 NOTE
r-release-windows-ix86+x86_64 0.3.1 5.00 31.00 36.00 NOTE
r-oldrel-macos-x86_64 0.3.1 OK
r-oldrel-windows-ix86+x86_64 0.3.1 4.00 43.00 47.00 OK

Check Details

Version: 0.3.1
Check: LazyData
Result: NOTE
     'LazyData' is specified without a 'data' directory
Flavors: r-devel-linux-x86_64-debian-clang, r-devel-linux-x86_64-debian-gcc, r-devel-linux-x86_64-fedora-clang, r-devel-linux-x86_64-fedora-gcc, r-devel-windows-x86_64-new-UL, r-devel-windows-x86_64-new-TK, r-devel-windows-x86_64-old, r-patched-linux-x86_64, r-patched-solaris-x86, r-release-linux-x86_64, r-release-macos-arm64, r-release-macos-x86_64, r-release-windows-ix86+x86_64