CRAN Package Check Results for Package nnlib2Rcpp

Last updated on 2024-02-24 18:54:57 CET.

Flavor Version Tinstall Tcheck Ttotal Status Flags
r-devel-linux-x86_64-debian-clang 0.2.4 201.98 61.18 263.16 OK
r-devel-linux-x86_64-debian-gcc 0.2.4 156.95 46.48 203.43 OK
r-devel-linux-x86_64-fedora-clang 0.2.4 386.93 OK
r-devel-linux-x86_64-fedora-gcc 0.2.4 405.38 OK
r-devel-windows-x86_64 0.2.4 150.00 113.00 263.00 OK
r-patched-linux-x86_64 0.2.4 194.11 59.91 254.02 OK
r-release-linux-x86_64 0.2.4 188.53 59.02 247.55 OK
r-release-macos-arm64 0.2.4 83.00 NOTE
r-release-macos-x86_64 0.2.4 125.00 NOTE
r-release-windows-x86_64 0.2.4 135.00 131.00 266.00 OK
r-oldrel-macos-arm64 0.2.4 78.00 NOTE
r-oldrel-windows-x86_64 0.2.4 178.00 121.00 299.00 OK

Check Details

Version: 0.2.4
Check: installed package size
Result: NOTE installed size is 9.8Mb sub-directories of 1Mb or more: libs 9.2Mb Flavors: r-release-macos-arm64, r-release-macos-x86_64, r-oldrel-macos-arm64