CRAN Package Check Results for Package nmaplateplot

Last updated on 2021-11-26 19:52:57 CET.

Flavor Version Tinstall Tcheck Ttotal Status Flags
r-devel-linux-x86_64-debian-clang 1.0.1 4.48 73.62 78.10 OK
r-devel-linux-x86_64-debian-gcc 1.0.1 3.33 53.05 56.38 OK
r-devel-linux-x86_64-fedora-clang 1.0.1 102.27 NOTE
r-devel-linux-x86_64-fedora-gcc 1.0.1 89.01 OK
r-devel-windows-x86_64-new-UL 1.0.1 11.00 113.00 124.00 NOTE
r-devel-windows-x86_64-new-TK 1.0.1 OK
r-devel-windows-x86_64-old 1.0.1 5.00 104.00 109.00 NOTE
r-patched-linux-x86_64 1.0.1 4.38 67.25 71.63 OK
r-patched-solaris-x86 1.0.1 65.80 NOTE
r-release-linux-x86_64 1.0.1 OK
r-release-macos-arm64 1.0.1 NOTE
r-release-macos-x86_64 1.0.1 NOTE
r-release-windows-ix86+x86_64 1.0.1 9.00 72.00 81.00 NOTE
r-oldrel-macos-x86_64 1.0.1 NOTE
r-oldrel-windows-ix86+x86_64 1.0.1 23.00 90.00 113.00 NOTE

Check Details

Version: 1.0.1
Check: installed package size
Result: NOTE
     installed size is 7.6Mb
     sub-directories of 1Mb or more:
     doc 7.4Mb
Flavors: r-devel-linux-x86_64-fedora-clang, r-devel-windows-x86_64-new-UL, r-devel-windows-x86_64-old, r-patched-solaris-x86, r-release-macos-arm64, r-release-macos-x86_64, r-release-windows-ix86+x86_64, r-oldrel-macos-x86_64, r-oldrel-windows-ix86+x86_64