CRAN Package Check Results for Package nlaR

Last updated on 2021-08-02 19:50:56 CEST.

Flavor Version Tinstall Tcheck Ttotal Status Flags
r-devel-linux-x86_64-debian-clang 0.4.0 2.21 24.37 26.58 NOTE
r-devel-linux-x86_64-debian-gcc 0.4.0 1.71 19.12 20.83 NOTE
r-devel-linux-x86_64-fedora-clang 0.4.0 41.80 NOTE
r-devel-linux-x86_64-fedora-gcc 0.4.0 31.32 NOTE
r-devel-windows-x86_64 0.4.0 4.00 43.00 47.00 NOTE
r-devel-windows-x86_64-gcc10-UCRT 0.4.0 NOTE
r-patched-linux-x86_64 0.4.0 NOTE
r-patched-solaris-x86 0.4.0 52.90 NOTE
r-release-linux-x86_64 0.4.0 1.78 23.37 25.15 NOTE
r-release-macos-arm64 0.4.0 NOTE
r-release-macos-x86_64 0.4.0 NOTE
r-release-windows-ix86+x86_64 0.4.0 5.00 42.00 47.00 NOTE
r-oldrel-macos-x86_64 0.4.0 OK
r-oldrel-windows-ix86+x86_64 0.4.0 6.00 43.00 49.00 OK

Check Details

Version: 0.4.0
Check: LazyData
Result: NOTE
     'LazyData' is specified without a 'data' directory
Flavors: r-devel-linux-x86_64-debian-clang, r-devel-linux-x86_64-debian-gcc, r-devel-linux-x86_64-fedora-clang, r-devel-linux-x86_64-fedora-gcc, r-devel-windows-x86_64, r-devel-windows-x86_64-gcc10-UCRT, r-patched-linux-x86_64, r-patched-solaris-x86, r-release-linux-x86_64, r-release-macos-arm64, r-release-macos-x86_64, r-release-windows-ix86+x86_64