CRAN Package Check Results for Package njtr1

Last updated on 2021-08-02 19:50:56 CEST.

Flavor Version Tinstall Tcheck Ttotal Status Flags
r-devel-linux-x86_64-debian-clang 0.3.1 6.41 58.76 65.17 OK
r-devel-linux-x86_64-debian-gcc 0.3.1 5.22 44.42 49.64 OK
r-devel-linux-x86_64-fedora-clang 0.3.1 85.89 NOTE
r-devel-linux-x86_64-fedora-gcc 0.3.1 75.95 NOTE
r-devel-windows-x86_64 0.3.1 13.00 82.00 95.00 OK
r-devel-windows-x86_64-gcc10-UCRT 0.3.1 NOTE
r-patched-linux-x86_64 0.3.1 OK
r-patched-solaris-x86 0.3.1 98.20 NOTE
r-release-linux-x86_64 0.3.1 5.27 56.00 61.27 OK
r-release-macos-arm64 0.3.1 NOTE
r-release-macos-x86_64 0.3.1 NOTE
r-release-windows-ix86+x86_64 0.3.1 15.00 81.00 96.00 OK
r-oldrel-macos-x86_64 0.3.1 NOTE
r-oldrel-windows-ix86+x86_64 0.3.1 12.00 81.00 93.00 OK

Check Details

Version: 0.3.1
Check: data for non-ASCII characters
Result: NOTE
     Note: found 4 marked UTF-8 strings
Flavors: r-devel-linux-x86_64-fedora-clang, r-devel-linux-x86_64-fedora-gcc, r-devel-windows-x86_64-gcc10-UCRT, r-patched-solaris-x86, r-release-macos-arm64, r-release-macos-x86_64, r-oldrel-macos-x86_64