CRAN Package Check Results for Package nima

Last updated on 2021-11-26 19:52:57 CET.

Flavor Version Tinstall Tcheck Ttotal Status Flags
r-devel-linux-x86_64-debian-clang 0.6.2 5.48 56.14 61.62 NOTE
r-devel-linux-x86_64-debian-gcc 0.6.2 4.11 42.38 46.49 NOTE
r-devel-linux-x86_64-fedora-clang 0.6.2 90.12 NOTE
r-devel-linux-x86_64-fedora-gcc 0.6.2 70.97 NOTE
r-devel-windows-x86_64-new-UL 0.6.2 14.00 99.00 113.00 NOTE
r-devel-windows-x86_64-new-TK 0.6.2 NOTE
r-devel-windows-x86_64-old 0.6.2 8.00 79.00 87.00 NOTE
r-patched-linux-x86_64 0.6.2 5.70 51.88 57.58 NOTE
r-patched-solaris-x86 0.6.2 103.40 NOTE
r-release-linux-x86_64 0.6.2 NOTE
r-release-macos-arm64 0.6.2 NOTE
r-release-macos-x86_64 0.6.2 NOTE
r-release-windows-ix86+x86_64 0.6.2 15.00 58.00 73.00 NOTE
r-oldrel-macos-x86_64 0.6.2 OK
r-oldrel-windows-ix86+x86_64 0.6.2 14.00 76.00 90.00 OK

Check Details

Version: 0.6.2
Check: LazyData
Result: NOTE
     'LazyData' is specified without a 'data' directory
Flavors: r-devel-linux-x86_64-debian-clang, r-devel-linux-x86_64-debian-gcc, r-devel-linux-x86_64-fedora-clang, r-devel-linux-x86_64-fedora-gcc, r-devel-windows-x86_64-new-UL, r-devel-windows-x86_64-new-TK, r-devel-windows-x86_64-old, r-patched-linux-x86_64, r-patched-solaris-x86, r-release-linux-x86_64, r-release-macos-arm64, r-release-macos-x86_64, r-release-windows-ix86+x86_64