CRAN Package Check Results for Package nichevol

Last updated on 2021-06-18 13:51:52 CEST.

Flavor Version Tinstall Tcheck Ttotal Status Flags
r-devel-linux-x86_64-debian-clang 0.1.19 22.21 177.37 199.58 OK
r-devel-linux-x86_64-debian-gcc 0.1.19 17.20 134.02 151.22 OK
r-devel-linux-x86_64-fedora-clang 0.1.19 246.39 OK
r-devel-linux-x86_64-fedora-gcc 0.1.19 241.43 OK
r-devel-windows-x86_64 0.1.19 31.00 208.00 239.00 OK
r-devel-windows-x86_64-gcc10-UCRT 0.1.19 ERROR
r-patched-linux-x86_64 0.1.19 21.64 166.54 188.18 OK
r-patched-solaris-x86 0.1.19 344.60 OK
r-release-linux-x86_64 0.1.19 22.36 168.76 191.12 OK
r-release-macos-arm64 0.1.19 OK
r-release-macos-x86_64 0.1.19 OK
r-release-windows-ix86+x86_64 0.1.19 37.00 201.00 238.00 OK
r-oldrel-macos-x86_64 0.1.19 OK
r-oldrel-windows-ix86+x86_64 0.1.19 34.00 155.00 189.00 OK

Additional issues

donttest

Check Details

Version: 0.1.19
Check: package dependencies
Result: ERROR
    Packages required but not available: 'concaveman', 'sf'
    
    See section 'The DESCRIPTION file' in the 'Writing R Extensions'
    manual.
Flavor: r-devel-windows-x86_64-gcc10-UCRT