CRAN Package Check Results for Package nftbart

Last updated on 2024-02-24 18:54:57 CET.

Flavor Version Tinstall Tcheck Ttotal Status Flags
r-devel-linux-x86_64-debian-clang 2.1 37.68 83.39 121.07 NOTE
r-devel-linux-x86_64-debian-gcc 2.1 31.18 64.88 96.06 NOTE
r-devel-linux-x86_64-fedora-clang 2.1 150.47 NOTE
r-devel-linux-x86_64-fedora-gcc 2.1 159.04 NOTE
r-devel-windows-x86_64 2.1 28.00 100.00 128.00 NOTE
r-patched-linux-x86_64 2.1 39.43 83.58 123.01 NOTE
r-release-linux-x86_64 2.1 33.43 84.53 117.96 NOTE
r-release-macos-arm64 2.1 50.00 NOTE
r-release-macos-x86_64 2.1 104.00 NOTE
r-release-windows-x86_64 2.1 37.00 122.00 159.00 NOTE
r-oldrel-macos-arm64 2.1 48.00 OK
r-oldrel-windows-x86_64 2.1 33.00 117.00 150.00 OK

Check Details

Version: 2.1
Check: C++ specification
Result: NOTE Specified C++14: please drop specification unless essential Flavors: r-devel-linux-x86_64-debian-clang, r-devel-linux-x86_64-debian-gcc, r-devel-linux-x86_64-fedora-clang, r-devel-linux-x86_64-fedora-gcc, r-devel-windows-x86_64, r-patched-linux-x86_64, r-release-linux-x86_64, r-release-macos-arm64, r-release-macos-x86_64, r-release-windows-x86_64