CRAN Package Check Results for Package neuroim

Last updated on 2024-02-25 21:49:40 CET.

Flavor Version Tinstall Tcheck Ttotal Status Flags
r-devel-linux-x86_64-debian-clang 0.0.6 45.79 193.20 238.99 OK
r-devel-linux-x86_64-debian-gcc 0.0.6 37.41 141.33 178.74 OK
r-devel-linux-x86_64-fedora-clang 0.0.6 298.02 NOTE
r-devel-linux-x86_64-fedora-gcc 0.0.6 294.93 NOTE
r-devel-windows-x86_64 0.0.6 38.00 192.00 230.00 OK
r-patched-linux-x86_64 0.0.6 32.70 187.16 219.86 OK
r-release-linux-x86_64 0.0.6 31.06 182.82 213.88 OK
r-release-macos-arm64 0.0.6 88.00 OK
r-release-macos-x86_64 0.0.6 151.00 OK
r-release-windows-x86_64 0.0.6 51.00 234.00 285.00 OK
r-oldrel-macos-arm64 0.0.6 69.00 OK
r-oldrel-windows-x86_64 0.0.6 50.00 204.00 254.00 OK

Check Details

Version: 0.0.6
Check: compiled code
Result: NOTE File ‘neuroim/libs/neuroim.so’: Found no calls to: ‘R_registerRoutines’, ‘R_useDynamicSymbols’ It is good practice to register native routines and to disable symbol search. See ‘Writing portable packages’ in the ‘Writing R Extensions’ manual. Flavors: r-devel-linux-x86_64-fedora-clang, r-devel-linux-x86_64-fedora-gcc