CRAN Package Check Results for Package networkR

Last updated on 2024-02-24 18:54:57 CET.

Flavor Version Tinstall Tcheck Ttotal Status Flags
r-devel-linux-x86_64-debian-clang 0.1.2 35.23 79.00 114.23 NOTE
r-devel-linux-x86_64-debian-gcc 0.1.2 28.34 57.44 85.78 NOTE
r-devel-linux-x86_64-fedora-clang 0.1.2 150.61 NOTE
r-devel-linux-x86_64-fedora-gcc 0.1.2 144.24 NOTE
r-devel-windows-x86_64 0.1.2 30.00 97.00 127.00 NOTE
r-patched-linux-x86_64 0.1.2 37.87 76.04 113.91 NOTE
r-release-linux-x86_64 0.1.2 40.70 75.04 115.74 NOTE
r-release-macos-arm64 0.1.2 44.00 NOTE
r-release-macos-x86_64 0.1.2 76.00 NOTE
r-release-windows-x86_64 0.1.2 37.00 115.00 152.00 NOTE
r-oldrel-macos-arm64 0.1.2 41.00 OK
r-oldrel-windows-x86_64 0.1.2 36.00 105.00 141.00 OK

Check Details

Version: 0.1.2
Check: C++ specification
Result: NOTE Specified C++11: please drop specification unless essential Flavors: r-devel-linux-x86_64-debian-clang, r-devel-linux-x86_64-debian-gcc, r-devel-linux-x86_64-fedora-clang, r-devel-linux-x86_64-fedora-gcc, r-devel-windows-x86_64, r-patched-linux-x86_64, r-release-linux-x86_64, r-release-macos-arm64, r-release-macos-x86_64, r-release-windows-x86_64