CRAN Package Check Results for Package netrankr

Last updated on 2021-06-24 01:50:28 CEST.

Flavor Version Tinstall Tcheck Ttotal Status Flags
r-devel-linux-x86_64-debian-clang 0.3.0 160.49 80.56 241.05 OK
r-devel-linux-x86_64-debian-gcc 0.3.0 101.09 60.68 161.77 OK
r-devel-linux-x86_64-fedora-clang 0.3.0 350.58 NOTE
r-devel-linux-x86_64-fedora-gcc 0.3.0 302.33 OK
r-devel-windows-x86_64 0.3.0 189.00 139.00 328.00 OK
r-devel-windows-x86_64-gcc10-UCRT 0.3.0 OK
r-patched-linux-x86_64 0.3.0 121.75 75.38 197.13 OK
r-patched-solaris-x86 0.3.0 294.10 OK
r-release-linux-x86_64 0.3.0 123.60 75.71 199.31 OK
r-release-macos-arm64 0.3.0 NOTE
r-release-macos-x86_64 0.3.0 NOTE
r-release-windows-ix86+x86_64 0.3.0 323.00 110.00 433.00 OK
r-oldrel-macos-x86_64 0.3.0 NOTE

Check Details

Version: 0.3.0
Check: installed package size
Result: NOTE
     installed size is 5.5Mb
     sub-directories of 1Mb or more:
     libs 4.2Mb
Flavors: r-devel-linux-x86_64-fedora-clang, r-release-macos-arm64, r-release-macos-x86_64, r-oldrel-macos-x86_64