CRAN Package Check Results for Package netrankr

Last updated on 2022-09-30 00:49:21 CEST.

Flavor Version Tinstall Tcheck Ttotal Status Flags
r-devel-linux-x86_64-debian-clang 1.1.1 177.37 105.41 282.78 WARN
r-devel-linux-x86_64-debian-gcc 1.2.0 135.51 81.00 216.51 OK
r-devel-linux-x86_64-fedora-clang 1.2.0 475.68 OK
r-devel-linux-x86_64-fedora-gcc 1.2.0 382.72 OK
r-devel-windows-x86_64 1.1.1 207.00 185.00 392.00 OK
r-patched-linux-x86_64 1.2.0 148.57 101.38 249.95 OK
r-release-linux-x86_64 1.2.0 142.74 101.05 243.79 OK
r-release-macos-arm64 1.2.0 103.00 NOTE
r-release-macos-x86_64 1.2.0 128.00 NOTE
r-release-windows-x86_64 1.2.0 182.00 185.00 367.00 OK
r-oldrel-macos-arm64 1.2.0 114.00 NOTE
r-oldrel-macos-x86_64 1.2.0 150.00 NOTE
r-oldrel-windows-ix86+x86_64 1.2.0 290.00 198.00 488.00 OK

Check Details

Version: 1.1.1
Check: whether package can be installed
Result: WARN
    Found the following significant warnings:
     checkPairs.cpp:15:10: warning: use of bitwise '|' with boolean operands [-Wbitwise-instead-of-logical]
     checkPairs.cpp:15:41: warning: use of bitwise '&' with boolean operands [-Wbitwise-instead-of-logical]
     checkPairs.cpp:15:11: warning: use of bitwise '&' with boolean operands [-Wbitwise-instead-of-logical]
     checkPairs.cpp:18:15: warning: use of bitwise '|' with boolean operands [-Wbitwise-instead-of-logical]
     checkPairs.cpp:18:46: warning: use of bitwise '&' with boolean operands [-Wbitwise-instead-of-logical]
     checkPairs.cpp:18:16: warning: use of bitwise '&' with boolean operands [-Wbitwise-instead-of-logical]
     checkPairs.cpp:21:15: warning: use of bitwise '&' with boolean operands [-Wbitwise-instead-of-logical]
     checkPairs.cpp:24:15: warning: use of bitwise '&' with boolean operands [-Wbitwise-instead-of-logical]
     listingIdeals.cpp:50:12: warning: use of bitwise '&' with boolean operands [-Wbitwise-instead-of-logical]
Flavor: r-devel-linux-x86_64-debian-clang

Version: 1.2.0
Check: installed package size
Result: NOTE
     installed size is 7.1Mb
     sub-directories of 1Mb or more:
     doc 1.6Mb
     libs 5.2Mb
Flavors: r-release-macos-arm64, r-release-macos-x86_64, r-oldrel-macos-arm64, r-oldrel-macos-x86_64