CRAN Package Check Results for Package netmeta

Last updated on 2021-08-03 13:53:21 CEST.

Flavor Version Tinstall Tcheck Ttotal Status Flags
r-devel-linux-x86_64-debian-clang 1.5-0 26.09 403.57 429.66 OK
r-devel-linux-x86_64-debian-gcc 1.5-0 22.79 294.79 317.58 OK
r-devel-linux-x86_64-fedora-clang 1.5-0 510.28 NOTE
r-devel-linux-x86_64-fedora-gcc 1.5-0 508.86 NOTE
r-devel-windows-x86_64 1.5-0 35.00 443.00 478.00 OK
r-devel-windows-x86_64-gcc10-UCRT 1.5-0 NOTE
r-patched-linux-x86_64 1.5-0 30.67 388.29 418.96 OK
r-patched-solaris-x86 1.5-0 579.70 NOTE
r-release-linux-x86_64 1.5-0 26.24 388.49 414.73 OK
r-release-macos-arm64 1.5-0 NOTE
r-release-macos-x86_64 1.5-0 NOTE
r-release-windows-ix86+x86_64 1.5-0 50.00 339.00 389.00 OK
r-oldrel-macos-x86_64 1.5-0 NOTE
r-oldrel-windows-ix86+x86_64 1.5-0 38.00 454.00 492.00 OK

Check Details

Version: 1.5-0
Check: data for non-ASCII characters
Result: NOTE
     Note: found 1 marked UTF-8 string
Flavors: r-devel-linux-x86_64-fedora-clang, r-devel-linux-x86_64-fedora-gcc, r-devel-windows-x86_64-gcc10-UCRT, r-patched-solaris-x86, r-release-macos-arm64, r-release-macos-x86_64, r-oldrel-macos-x86_64