CRAN Package Check Results for Package netjack

Last updated on 2021-10-21 07:50:02 CEST.

Flavor Version Tinstall Tcheck Ttotal Status Flags
r-devel-linux-x86_64-debian-clang 1.2.0 3.89 55.31 59.20 OK
r-devel-linux-x86_64-debian-gcc 1.2.0 3.45 41.88 45.33 OK
r-devel-linux-x86_64-fedora-clang 1.2.0 81.47 NOTE
r-devel-linux-x86_64-fedora-gcc 1.2.0 72.11 NOTE
r-devel-windows-x86_64 1.2.0 10.00 104.00 114.00 OK
r-devel-windows-x86_64-gcc10-UCRT 1.2.0 ERROR
r-patched-linux-x86_64 1.2.0 4.46 53.84 58.30 OK
r-patched-solaris-x86 1.2.0 99.50 NOTE
r-release-linux-x86_64 1.2.0 3.64 53.11 56.75 OK
r-release-macos-arm64 1.2.0 NOTE
r-release-macos-x86_64 1.2.0 NOTE
r-release-windows-ix86+x86_64 1.2.0 12.00 81.00 93.00 OK
r-oldrel-macos-x86_64 1.2.0 NOTE
r-oldrel-windows-ix86+x86_64 1.2.0 13.00 79.00 92.00 OK

Check Details

Version: 1.2.0
Check: dependencies in R code
Result: NOTE
    Namespace in Imports field not imported from: ‘Rdpack’
     All declared Imports should be used.
Flavors: r-devel-linux-x86_64-fedora-clang, r-devel-linux-x86_64-fedora-gcc, r-patched-solaris-x86, r-release-macos-arm64, r-release-macos-x86_64, r-oldrel-macos-x86_64

Version: 1.2.0
Check: package dependencies
Result: ERROR
    Packages required but not available: 'igraph', 'brainGraph'
    
    See section 'The DESCRIPTION file' in the 'Writing R Extensions'
    manual.
Flavor: r-devel-windows-x86_64-gcc10-UCRT