CRAN Package Check Results for Package netgen

Last updated on 2021-11-26 19:52:57 CET.

Flavor Version Tinstall Tcheck Ttotal Status Flags
r-devel-linux-x86_64-debian-clang 1.3.2 7.10 63.64 70.74 NOTE
r-devel-linux-x86_64-debian-gcc 1.3.2 5.76 47.98 53.74 NOTE
r-devel-linux-x86_64-fedora-clang 1.3.2 99.45 NOTE
r-devel-linux-x86_64-fedora-gcc 1.3.2 83.28 NOTE
r-devel-windows-x86_64-new-UL 1.3.2 18.00 106.00 124.00 NOTE
r-devel-windows-x86_64-new-TK 1.3.2 NOTE
r-devel-windows-x86_64-old 1.3.2 9.00 84.00 93.00 NOTE
r-patched-linux-x86_64 1.3.2 6.95 58.90 65.85 NOTE
r-patched-solaris-x86 1.3.2 119.10 NOTE
r-release-linux-x86_64 1.3.2 NOTE
r-release-macos-arm64 1.3.2 NOTE
r-release-macos-x86_64 1.3.2 NOTE
r-release-windows-ix86+x86_64 1.3.2 18.00 61.00 79.00 NOTE
r-oldrel-macos-x86_64 1.3.2 OK
r-oldrel-windows-ix86+x86_64 1.3.2 25.00 80.00 105.00 OK

Check Details

Version: 1.3.2
Check: LazyData
Result: NOTE
     'LazyData' is specified without a 'data' directory
Flavors: r-devel-linux-x86_64-debian-clang, r-devel-linux-x86_64-debian-gcc, r-devel-linux-x86_64-fedora-clang, r-devel-linux-x86_64-fedora-gcc, r-devel-windows-x86_64-new-UL, r-devel-windows-x86_64-new-TK, r-devel-windows-x86_64-old, r-patched-linux-x86_64, r-patched-solaris-x86, r-release-linux-x86_64, r-release-macos-arm64, r-release-macos-x86_64, r-release-windows-ix86+x86_64