CRAN Package Check Results for Package netcmc

Last updated on 2022-10-06 06:49:40 CEST.

Flavor Version Tinstall Tcheck Ttotal Status Flags
r-devel-linux-x86_64-debian-clang 1.0.1 772.56 135.56 908.12 OK
r-devel-linux-x86_64-debian-gcc 1.0.1 595.92 99.00 694.92 OK
r-devel-linux-x86_64-fedora-clang 1.0.1 1513.51 OK
r-devel-linux-x86_64-fedora-gcc 1.0.1 1266.23 OK
r-devel-windows-x86_64 1.0.1 744.00 176.00 920.00 OK
r-patched-linux-x86_64 1.0.1 614.61 125.56 740.17 OK
r-release-linux-x86_64 1.0.1 654.90 125.26 780.16 OK
r-release-macos-arm64 1.0.1 292.00 NOTE
r-release-macos-x86_64 1.0.1 355.00 NOTE
r-release-windows-x86_64 1.0.1 968.00 184.00 1152.00 OK
r-oldrel-macos-arm64 1.0.1 265.00 NOTE
r-oldrel-macos-x86_64 1.0.1 340.00 NOTE
r-oldrel-windows-ix86+x86_64 1.0.1 1903.00 215.00 2118.00 OK

Check Details

Version: 1.0.1
Check: installed package size
Result: NOTE
     installed size is 13.1Mb
     sub-directories of 1Mb or more:
     libs 12.7Mb
Flavors: r-release-macos-arm64, r-release-macos-x86_64, r-oldrel-macos-arm64, r-oldrel-macos-x86_64