CRAN Package Check Results for Package netchain

Last updated on 2022-10-05 00:52:47 CEST.

Flavor Version Tinstall Tcheck Ttotal Status Flags
r-devel-linux-x86_64-debian-clang 0.2.0 20.39 121.67 142.06 OK
r-devel-linux-x86_64-debian-gcc 0.2.0 17.38 82.68 100.06 OK
r-devel-linux-x86_64-fedora-clang 0.2.0 194.87 NOTE
r-devel-linux-x86_64-fedora-gcc 0.2.0 191.57 NOTE
r-devel-windows-x86_64 0.2.0 169.00 154.00 323.00 OK
r-patched-linux-x86_64 0.2.0 17.92 112.49 130.41 OK
r-release-linux-x86_64 0.2.0 14.98 110.68 125.66 OK
r-release-macos-arm64 0.2.0 40.00 NOTE
r-release-macos-x86_64 0.2.0 56.00 NOTE
r-release-windows-x86_64 0.2.0 96.00 152.00 248.00 OK
r-oldrel-macos-arm64 0.2.0 52.00 NOTE
r-oldrel-macos-x86_64 0.2.0 74.00 NOTE
r-oldrel-windows-ix86+x86_64 0.2.0 52.00 242.00 294.00 OK

Check Details

Version: 0.2.0
Check: dependencies in R code
Result: NOTE
    Namespaces in Imports field not imported from:
     ‘Matrix’ ‘igraph’
     All declared Imports should be used.
Flavors: r-devel-linux-x86_64-fedora-clang, r-devel-linux-x86_64-fedora-gcc, r-release-macos-arm64, r-release-macos-x86_64, r-oldrel-macos-arm64, r-oldrel-macos-x86_64