CRAN Package Check Results for Package netchain

Last updated on 2021-09-24 22:53:01 CEST.

Flavor Version Tinstall Tcheck Ttotal Status Flags
r-devel-linux-x86_64-debian-clang 0.2.0 21.63 113.33 134.96 OK
r-devel-linux-x86_64-debian-gcc 0.2.0 14.38 80.32 94.70 OK
r-devel-linux-x86_64-fedora-clang 0.2.0 170.33 NOTE
r-devel-linux-x86_64-fedora-gcc 0.2.0 160.98 NOTE
r-devel-windows-x86_64 0.2.0 23.00 111.00 134.00 OK
r-devel-windows-x86_64-gcc10-UCRT 0.2.0 NOTE
r-patched-linux-x86_64 0.2.0 16.59 106.48 123.07 OK
r-patched-solaris-x86 0.2.0 190.50 NOTE
r-release-linux-x86_64 0.2.0 17.96 104.87 122.83 OK
r-release-macos-arm64 0.2.0 NOTE
r-release-macos-x86_64 0.2.0 NOTE
r-release-windows-ix86+x86_64 0.2.0 54.00 184.00 238.00 OK
r-oldrel-macos-x86_64 0.2.0 NOTE
r-oldrel-windows-ix86+x86_64 0.2.0 37.00 180.00 217.00 OK

Check Details

Version: 0.2.0
Check: dependencies in R code
Result: NOTE
    Namespaces in Imports field not imported from:
     ‘Matrix’ ‘igraph’
     All declared Imports should be used.
Flavors: r-devel-linux-x86_64-fedora-clang, r-devel-linux-x86_64-fedora-gcc, r-devel-windows-x86_64-gcc10-UCRT, r-patched-solaris-x86, r-release-macos-arm64, r-release-macos-x86_64, r-oldrel-macos-x86_64